{"id":224,"date":"2026-02-07T07:21:26","date_gmt":"2026-02-07T07:21:26","guid":{"rendered":"https:\/\/ancomnha.io.vn\/?post_type=product&#038;p=224"},"modified":"2026-02-07T07:51:49","modified_gmt":"2026-02-07T07:51:49","slug":"https-ancomnha-io-vn-index-php-product-nuoc-suoi","status":"publish","type":"product","link":"https:\/\/ancomnha.io.vn\/index.php\/product\/https-ancomnha-io-vn-index-php-product-nuoc-suoi\/","title":{"rendered":"N\u01b0\u1edbc su\u1ed1i"},"content":{"rendered":"<p>N\u01b0\u1edbc su\u1ed1i l\u00e0 th\u1ee9c u\u1ed1ng <strong data-start=\"23\" data-end=\"59\">tinh khi\u1ebft, kh\u00f4ng m\u00e0u, kh\u00f4ng m\u00f9i<\/strong>, gi\u00fap gi\u1ea3i kh\u00e1t v\u00e0 b\u1ed5 sung n\u01b0\u1edbc cho c\u01a1 th\u1ec3 m\u1ed9t c\u00e1ch t\u1ef1 nhi\u00ean. V\u1ecb nh\u1eb9, d\u1ec5 u\u1ed1ng, ph\u00f9 h\u1ee3p cho m\u1ecdi l\u1ee9a tu\u1ed5i v\u00e0 d\u00f9ng trong m\u1ecdi ho\u1ea1t \u0111\u1ed9ng h\u1eb1ng ng\u00e0y. N\u01b0\u1edbc su\u1ed1i gi\u00fap <strong data-start=\"218\" data-end=\"271\">gi\u1eef c\u01a1 th\u1ec3 \u0111\u1ee7 n\u01b0\u1edbc, thanh l\u1ecdc v\u00e0 duy tr\u00ec s\u1ee9c kh\u1ecfe<\/strong><\/p>\n","protected":false},"excerpt":{"rendered":"<p><span dir=\"auto\" style=\"vertical-align: inherit;\"><span dir=\"auto\" style=\"vertical-align: inherit;\">N\u01b0\u1edbc su\u1ed1i l\u00e0 th\u1ee9c u\u1ed1ng <\/span><\/span><strong data-start=\"23\" data-end=\"59\"><span dir=\"auto\" style=\"vertical-align: inherit;\"><span dir=\"auto\" style=\"vertical-align: inherit;\">tinh khi\u1ebft, kh\u00f4ng m\u00e0u, kh\u00f4ng m\u00f9i<\/span><\/span><\/strong><span dir=\"auto\" style=\"vertical-align: inherit;\"><span dir=\"auto\" style=\"vertical-align: inherit;\">, gi\u00fap gi\u1ea3i kh\u00e1t v\u00e0 b\u1ed5 sung n\u01b0\u1edbc cho c\u01a1 th\u1ec3 m\u1ed9t c\u00e1ch t\u1ef1 nhi\u00ean. V\u1ecb nh\u1eb9, d\u1ec5 u\u1ed1ng, ph\u00f9 h\u1ee3p cho m\u1ecdi l\u1ee9a tu\u1ed5i v\u00e0 d\u00f9ng trong m\u1ecdi ho\u1ea1t \u0111\u1ed9ng h\u1eb1ng ng\u00e0y. N\u01b0\u1edbc su\u1ed1i gi\u00fap <\/span><\/span><strong data-start=\"218\" data-end=\"271\"><span dir=\"auto\" style=\"vertical-align: inherit;\"><span dir=\"auto\" style=\"vertical-align: inherit;\">gi\u1eef c\u01a1 th\u1ec3 \u0111\u1ee7 n\u01b0\u1edbc, thanh l\u1ecdc v\u00e0 duy tr\u00ec s\u1ee9c kh\u1ecfe<\/span><\/span><\/strong><\/p>\n","protected":false},"featured_media":225,"comment_status":"open","ping_status":"closed","template":"","meta":{"_regular_price":["15000"],"currency_symbol":[]},"product_brand":[],"product_cat":[17],"product_tag":[],"class_list":{"0":"post-224","1":"product","2":"type-product","3":"status-publish","4":"has-post-thumbnail","6":"product_cat-uncategorized","8":"first","9":"instock","10":"sale","11":"taxable","12":"shipping-taxable","13":"purchasable","14":"product-type-simple"},"post_slider_layout_featured_media_urls":{"thumbnail":["https:\/\/ancomnha.io.vn\/wp-content\/uploads\/2026\/02\/tai-xuong-2-150x150.jpg",150,150,true],"post_slider_layout_landscape_large":["https:\/\/ancomnha.io.vn\/wp-content\/uploads\/2026\/02\/tai-xuong-2.jpg",259,194,false],"post_slider_layout_portrait_large":["https:\/\/ancomnha.io.vn\/wp-content\/uploads\/2026\/02\/tai-xuong-2.jpg",259,194,false],"post_slider_layout_square_large":["https:\/\/ancomnha.io.vn\/wp-content\/uploads\/2026\/02\/tai-xuong-2.jpg",259,194,false],"post_slider_layout_landscape":["https:\/\/ancomnha.io.vn\/wp-content\/uploads\/2026\/02\/tai-xuong-2.jpg",259,194,false],"post_slider_layout_portrait":["https:\/\/ancomnha.io.vn\/wp-content\/uploads\/2026\/02\/tai-xuong-2.jpg",259,194,false],"post_slider_layout_square":["https:\/\/ancomnha.io.vn\/wp-content\/uploads\/2026\/02\/tai-xuong-2.jpg",259,194,false],"full":["https:\/\/ancomnha.io.vn\/wp-content\/uploads\/2026\/02\/tai-xuong-2.jpg",259,194,false]},"yoast_head":"<!-- This site is optimized with the Yoast SEO plugin v27.6 - https:\/\/yoast.com\/product\/yoast-seo-wordpress\/ -->\n<title>N\u01b0\u1edbc su\u1ed1i - \u0102n C\u01a1m Nh\u00e1<\/title>\n<meta name=\"description\" content=\"N\u01b0\u1edbc su\u1ed1i l\u00e0 th\u1ee9c u\u1ed1ng tinh khi\u1ebft, kh\u00f4ng m\u00e0u, kh\u00f4ng m\u00f9i, gi\u00fap gi\u1ea3i kh\u00e1t v\u00e0 b\u1ed5 sung n\u01b0\u1edbc cho c\u01a1 th\u1ec3 m\u1ed9t c\u00e1ch t\u1ef1 nhi\u00ean. V\u1ecb nh\u1eb9, d\u1ec5 u\u1ed1ng, ph\u00f9 h\u1ee3p cho m\u1ecdi l\u1ee9a tu\u1ed5i v\u00e0 d\u00f9ng trong m\u1ecdi ho\u1ea1t \u0111\u1ed9ng h\u1eb1ng ng\u00e0y. N\u01b0\u1edbc su\u1ed1i gi\u00fap gi\u1eef c\u01a1 th\u1ec3 \u0111\u1ee7 n\u01b0\u1edbc, thanh l\u1ecdc v\u00e0 duy tr\u00ec s\u1ee9c kh\u1ecfe\" \/>\n<meta name=\"robots\" content=\"index, follow, max-snippet:-1, max-image-preview:large, max-video-preview:-1\" \/>\n<link rel=\"canonical\" href=\"https:\/\/ancomnha.io.vn\/index.php\/product\/https-ancomnha-io-vn-index-php-product-nuoc-suoi\/\" \/>\n<meta property=\"og:locale\" content=\"vi_VN\" \/>\n<meta property=\"og:type\" content=\"article\" \/>\n<meta property=\"og:title\" content=\"N\u01b0\u1edbc su\u1ed1i - \u0102n C\u01a1m Nh\u00e1\" \/>\n<meta property=\"og:description\" content=\"N\u01b0\u1edbc su\u1ed1i l\u00e0 th\u1ee9c u\u1ed1ng tinh khi\u1ebft, kh\u00f4ng m\u00e0u, kh\u00f4ng m\u00f9i, gi\u00fap gi\u1ea3i kh\u00e1t v\u00e0 b\u1ed5 sung n\u01b0\u1edbc cho c\u01a1 th\u1ec3 m\u1ed9t c\u00e1ch t\u1ef1 nhi\u00ean. V\u1ecb nh\u1eb9, d\u1ec5 u\u1ed1ng, ph\u00f9 h\u1ee3p cho m\u1ecdi l\u1ee9a tu\u1ed5i v\u00e0 d\u00f9ng trong m\u1ecdi ho\u1ea1t \u0111\u1ed9ng h\u1eb1ng ng\u00e0y. N\u01b0\u1edbc su\u1ed1i gi\u00fap gi\u1eef c\u01a1 th\u1ec3 \u0111\u1ee7 n\u01b0\u1edbc, thanh l\u1ecdc v\u00e0 duy tr\u00ec s\u1ee9c kh\u1ecfe\" \/>\n<meta property=\"og:url\" content=\"https:\/\/ancomnha.io.vn\/index.php\/product\/https-ancomnha-io-vn-index-php-product-nuoc-suoi\/\" \/>\n<meta property=\"og:site_name\" content=\"\u0102n C\u01a1m Nh\u00e1\" \/>\n<meta property=\"article:modified_time\" content=\"2026-02-07T07:51:49+00:00\" \/>\n<meta property=\"og:image\" content=\"https:\/\/ancomnha.io.vn\/wp-content\/uploads\/2026\/02\/tai-xuong-2.jpg\" \/>\n\t<meta property=\"og:image:width\" content=\"259\" \/>\n\t<meta property=\"og:image:height\" content=\"194\" \/>\n\t<meta property=\"og:image:type\" content=\"image\/jpeg\" \/>\n<meta name=\"twitter:card\" content=\"summary_large_image\" \/>\n<meta name=\"twitter:label1\" content=\"\u01af\u1edbc t\u00ednh th\u1eddi gian \u0111\u1ecdc\" \/>\n\t<meta name=\"twitter:data1\" content=\"1 ph\u00fat\" \/>\n<script type=\"application\/ld+json\" class=\"yoast-schema-graph\">{\"@context\":\"https:\\\/\\\/schema.org\",\"@graph\":[{\"@type\":\"WebPage\",\"@id\":\"https:\\\/\\\/ancomnha.io.vn\\\/index.php\\\/product\\\/https-ancomnha-io-vn-index-php-product-nuoc-suoi\\\/\",\"url\":\"https:\\\/\\\/ancomnha.io.vn\\\/index.php\\\/product\\\/https-ancomnha-io-vn-index-php-product-nuoc-suoi\\\/\",\"name\":\"N\u01b0\u1edbc su\u1ed1i - \u0102n C\u01a1m Nh\u00e1\",\"isPartOf\":{\"@id\":\"https:\\\/\\\/ancomnha.io.vn\\\/#website\"},\"primaryImageOfPage\":{\"@id\":\"https:\\\/\\\/ancomnha.io.vn\\\/index.php\\\/product\\\/https-ancomnha-io-vn-index-php-product-nuoc-suoi\\\/#primaryimage\"},\"image\":{\"@id\":\"https:\\\/\\\/ancomnha.io.vn\\\/index.php\\\/product\\\/https-ancomnha-io-vn-index-php-product-nuoc-suoi\\\/#primaryimage\"},\"thumbnailUrl\":\"https:\\\/\\\/ancomnha.io.vn\\\/wp-content\\\/uploads\\\/2026\\\/02\\\/tai-xuong-2.jpg\",\"datePublished\":\"2026-02-07T07:21:26+00:00\",\"dateModified\":\"2026-02-07T07:51:49+00:00\",\"description\":\"N\u01b0\u1edbc su\u1ed1i l\u00e0 th\u1ee9c u\u1ed1ng tinh khi\u1ebft, kh\u00f4ng m\u00e0u, kh\u00f4ng m\u00f9i, gi\u00fap gi\u1ea3i kh\u00e1t v\u00e0 b\u1ed5 sung n\u01b0\u1edbc cho c\u01a1 th\u1ec3 m\u1ed9t c\u00e1ch t\u1ef1 nhi\u00ean. V\u1ecb nh\u1eb9, d\u1ec5 u\u1ed1ng, ph\u00f9 h\u1ee3p cho m\u1ecdi l\u1ee9a tu\u1ed5i v\u00e0 d\u00f9ng trong m\u1ecdi ho\u1ea1t \u0111\u1ed9ng h\u1eb1ng ng\u00e0y. N\u01b0\u1edbc su\u1ed1i gi\u00fap gi\u1eef c\u01a1 th\u1ec3 \u0111\u1ee7 n\u01b0\u1edbc, thanh l\u1ecdc v\u00e0 duy tr\u00ec s\u1ee9c kh\u1ecfe\",\"breadcrumb\":{\"@id\":\"https:\\\/\\\/ancomnha.io.vn\\\/index.php\\\/product\\\/https-ancomnha-io-vn-index-php-product-nuoc-suoi\\\/#breadcrumb\"},\"inLanguage\":\"vi\",\"potentialAction\":[{\"@type\":\"ReadAction\",\"target\":[\"https:\\\/\\\/ancomnha.io.vn\\\/index.php\\\/product\\\/https-ancomnha-io-vn-index-php-product-nuoc-suoi\\\/\"]}]},{\"@type\":\"ImageObject\",\"inLanguage\":\"vi\",\"@id\":\"https:\\\/\\\/ancomnha.io.vn\\\/index.php\\\/product\\\/https-ancomnha-io-vn-index-php-product-nuoc-suoi\\\/#primaryimage\",\"url\":\"https:\\\/\\\/ancomnha.io.vn\\\/wp-content\\\/uploads\\\/2026\\\/02\\\/tai-xuong-2.jpg\",\"contentUrl\":\"https:\\\/\\\/ancomnha.io.vn\\\/wp-content\\\/uploads\\\/2026\\\/02\\\/tai-xuong-2.jpg\",\"width\":259,\"height\":194},{\"@type\":\"BreadcrumbList\",\"@id\":\"https:\\\/\\\/ancomnha.io.vn\\\/index.php\\\/product\\\/https-ancomnha-io-vn-index-php-product-nuoc-suoi\\\/#breadcrumb\",\"itemListElement\":[{\"@type\":\"ListItem\",\"position\":1,\"name\":\"Home\",\"item\":\"https:\\\/\\\/ancomnha.io.vn\\\/\"},{\"@type\":\"ListItem\",\"position\":2,\"name\":\"Shop\",\"item\":\"https:\\\/\\\/ancomnha.io.vn\\\/index.php\\\/shop\\\/\"},{\"@type\":\"ListItem\",\"position\":3,\"name\":\"N\u01b0\u1edbc su\u1ed1i\"}]},{\"@type\":\"WebSite\",\"@id\":\"https:\\\/\\\/ancomnha.io.vn\\\/#website\",\"url\":\"https:\\\/\\\/ancomnha.io.vn\\\/\",\"name\":\"\u0102n C\u01a1m Nh\u00e1\",\"description\":\"\",\"publisher\":{\"@id\":\"https:\\\/\\\/ancomnha.io.vn\\\/#organization\"},\"potentialAction\":[{\"@type\":\"SearchAction\",\"target\":{\"@type\":\"EntryPoint\",\"urlTemplate\":\"https:\\\/\\\/ancomnha.io.vn\\\/?s={search_term_string}\"},\"query-input\":{\"@type\":\"PropertyValueSpecification\",\"valueRequired\":true,\"valueName\":\"search_term_string\"}}],\"inLanguage\":\"vi\"},{\"@type\":\"Organization\",\"@id\":\"https:\\\/\\\/ancomnha.io.vn\\\/#organization\",\"name\":\"\u0102n C\u01a1m Nh\u00e1\",\"url\":\"https:\\\/\\\/ancomnha.io.vn\\\/\",\"logo\":{\"@type\":\"ImageObject\",\"inLanguage\":\"vi\",\"@id\":\"https:\\\/\\\/ancomnha.io.vn\\\/#\\\/schema\\\/logo\\\/image\\\/\",\"url\":\"https:\\\/\\\/ancomnha.io.vn\\\/wp-content\\\/uploads\\\/2026\\\/01\\\/cropped-logo-ancomnha-1.jpg\",\"contentUrl\":\"https:\\\/\\\/ancomnha.io.vn\\\/wp-content\\\/uploads\\\/2026\\\/01\\\/cropped-logo-ancomnha-1.jpg\",\"width\":200,\"height\":200,\"caption\":\"\u0102n C\u01a1m Nh\u00e1\"},\"image\":{\"@id\":\"https:\\\/\\\/ancomnha.io.vn\\\/#\\\/schema\\\/logo\\\/image\\\/\"}}]}<\/script>\n<!-- \/ Yoast SEO plugin. -->","yoast_head_json":{"title":"N\u01b0\u1edbc su\u1ed1i - \u0102n C\u01a1m Nh\u00e1","description":"N\u01b0\u1edbc su\u1ed1i l\u00e0 th\u1ee9c u\u1ed1ng tinh khi\u1ebft, kh\u00f4ng m\u00e0u, kh\u00f4ng m\u00f9i, gi\u00fap gi\u1ea3i kh\u00e1t v\u00e0 b\u1ed5 sung n\u01b0\u1edbc cho c\u01a1 th\u1ec3 m\u1ed9t c\u00e1ch t\u1ef1 nhi\u00ean. V\u1ecb nh\u1eb9, d\u1ec5 u\u1ed1ng, ph\u00f9 h\u1ee3p cho m\u1ecdi l\u1ee9a tu\u1ed5i v\u00e0 d\u00f9ng trong m\u1ecdi ho\u1ea1t \u0111\u1ed9ng h\u1eb1ng ng\u00e0y. N\u01b0\u1edbc su\u1ed1i gi\u00fap gi\u1eef c\u01a1 th\u1ec3 \u0111\u1ee7 n\u01b0\u1edbc, thanh l\u1ecdc v\u00e0 duy tr\u00ec s\u1ee9c kh\u1ecfe","robots":{"index":"index","follow":"follow","max-snippet":"max-snippet:-1","max-image-preview":"max-image-preview:large","max-video-preview":"max-video-preview:-1"},"canonical":"https:\/\/ancomnha.io.vn\/index.php\/product\/https-ancomnha-io-vn-index-php-product-nuoc-suoi\/","og_locale":"vi_VN","og_type":"article","og_title":"N\u01b0\u1edbc su\u1ed1i - \u0102n C\u01a1m Nh\u00e1","og_description":"N\u01b0\u1edbc su\u1ed1i l\u00e0 th\u1ee9c u\u1ed1ng tinh khi\u1ebft, kh\u00f4ng m\u00e0u, kh\u00f4ng m\u00f9i, gi\u00fap gi\u1ea3i kh\u00e1t v\u00e0 b\u1ed5 sung n\u01b0\u1edbc cho c\u01a1 th\u1ec3 m\u1ed9t c\u00e1ch t\u1ef1 nhi\u00ean. V\u1ecb nh\u1eb9, d\u1ec5 u\u1ed1ng, ph\u00f9 h\u1ee3p cho m\u1ecdi l\u1ee9a tu\u1ed5i v\u00e0 d\u00f9ng trong m\u1ecdi ho\u1ea1t \u0111\u1ed9ng h\u1eb1ng ng\u00e0y. N\u01b0\u1edbc su\u1ed1i gi\u00fap gi\u1eef c\u01a1 th\u1ec3 \u0111\u1ee7 n\u01b0\u1edbc, thanh l\u1ecdc v\u00e0 duy tr\u00ec s\u1ee9c kh\u1ecfe","og_url":"https:\/\/ancomnha.io.vn\/index.php\/product\/https-ancomnha-io-vn-index-php-product-nuoc-suoi\/","og_site_name":"\u0102n C\u01a1m Nh\u00e1","article_modified_time":"2026-02-07T07:51:49+00:00","og_image":[{"width":259,"height":194,"url":"https:\/\/ancomnha.io.vn\/wp-content\/uploads\/2026\/02\/tai-xuong-2.jpg","type":"image\/jpeg"}],"twitter_card":"summary_large_image","twitter_misc":{"\u01af\u1edbc t\u00ednh th\u1eddi gian \u0111\u1ecdc":"1 ph\u00fat"},"schema":{"@context":"https:\/\/schema.org","@graph":[{"@type":"WebPage","@id":"https:\/\/ancomnha.io.vn\/index.php\/product\/https-ancomnha-io-vn-index-php-product-nuoc-suoi\/","url":"https:\/\/ancomnha.io.vn\/index.php\/product\/https-ancomnha-io-vn-index-php-product-nuoc-suoi\/","name":"N\u01b0\u1edbc su\u1ed1i - \u0102n C\u01a1m Nh\u00e1","isPartOf":{"@id":"https:\/\/ancomnha.io.vn\/#website"},"primaryImageOfPage":{"@id":"https:\/\/ancomnha.io.vn\/index.php\/product\/https-ancomnha-io-vn-index-php-product-nuoc-suoi\/#primaryimage"},"image":{"@id":"https:\/\/ancomnha.io.vn\/index.php\/product\/https-ancomnha-io-vn-index-php-product-nuoc-suoi\/#primaryimage"},"thumbnailUrl":"https:\/\/ancomnha.io.vn\/wp-content\/uploads\/2026\/02\/tai-xuong-2.jpg","datePublished":"2026-02-07T07:21:26+00:00","dateModified":"2026-02-07T07:51:49+00:00","description":"N\u01b0\u1edbc su\u1ed1i l\u00e0 th\u1ee9c u\u1ed1ng tinh khi\u1ebft, kh\u00f4ng m\u00e0u, kh\u00f4ng m\u00f9i, gi\u00fap gi\u1ea3i kh\u00e1t v\u00e0 b\u1ed5 sung n\u01b0\u1edbc cho c\u01a1 th\u1ec3 m\u1ed9t c\u00e1ch t\u1ef1 nhi\u00ean. V\u1ecb nh\u1eb9, d\u1ec5 u\u1ed1ng, ph\u00f9 h\u1ee3p cho m\u1ecdi l\u1ee9a tu\u1ed5i v\u00e0 d\u00f9ng trong m\u1ecdi ho\u1ea1t \u0111\u1ed9ng h\u1eb1ng ng\u00e0y. N\u01b0\u1edbc su\u1ed1i gi\u00fap gi\u1eef c\u01a1 th\u1ec3 \u0111\u1ee7 n\u01b0\u1edbc, thanh l\u1ecdc v\u00e0 duy tr\u00ec s\u1ee9c kh\u1ecfe","breadcrumb":{"@id":"https:\/\/ancomnha.io.vn\/index.php\/product\/https-ancomnha-io-vn-index-php-product-nuoc-suoi\/#breadcrumb"},"inLanguage":"vi","potentialAction":[{"@type":"ReadAction","target":["https:\/\/ancomnha.io.vn\/index.php\/product\/https-ancomnha-io-vn-index-php-product-nuoc-suoi\/"]}]},{"@type":"ImageObject","inLanguage":"vi","@id":"https:\/\/ancomnha.io.vn\/index.php\/product\/https-ancomnha-io-vn-index-php-product-nuoc-suoi\/#primaryimage","url":"https:\/\/ancomnha.io.vn\/wp-content\/uploads\/2026\/02\/tai-xuong-2.jpg","contentUrl":"https:\/\/ancomnha.io.vn\/wp-content\/uploads\/2026\/02\/tai-xuong-2.jpg","width":259,"height":194},{"@type":"BreadcrumbList","@id":"https:\/\/ancomnha.io.vn\/index.php\/product\/https-ancomnha-io-vn-index-php-product-nuoc-suoi\/#breadcrumb","itemListElement":[{"@type":"ListItem","position":1,"name":"Home","item":"https:\/\/ancomnha.io.vn\/"},{"@type":"ListItem","position":2,"name":"Shop","item":"https:\/\/ancomnha.io.vn\/index.php\/shop\/"},{"@type":"ListItem","position":3,"name":"N\u01b0\u1edbc su\u1ed1i"}]},{"@type":"WebSite","@id":"https:\/\/ancomnha.io.vn\/#website","url":"https:\/\/ancomnha.io.vn\/","name":"\u0102n C\u01a1m Nh\u00e1","description":"","publisher":{"@id":"https:\/\/ancomnha.io.vn\/#organization"},"potentialAction":[{"@type":"SearchAction","target":{"@type":"EntryPoint","urlTemplate":"https:\/\/ancomnha.io.vn\/?s={search_term_string}"},"query-input":{"@type":"PropertyValueSpecification","valueRequired":true,"valueName":"search_term_string"}}],"inLanguage":"vi"},{"@type":"Organization","@id":"https:\/\/ancomnha.io.vn\/#organization","name":"\u0102n C\u01a1m Nh\u00e1","url":"https:\/\/ancomnha.io.vn\/","logo":{"@type":"ImageObject","inLanguage":"vi","@id":"https:\/\/ancomnha.io.vn\/#\/schema\/logo\/image\/","url":"https:\/\/ancomnha.io.vn\/wp-content\/uploads\/2026\/01\/cropped-logo-ancomnha-1.jpg","contentUrl":"https:\/\/ancomnha.io.vn\/wp-content\/uploads\/2026\/01\/cropped-logo-ancomnha-1.jpg","width":200,"height":200,"caption":"\u0102n C\u01a1m Nh\u00e1"},"image":{"@id":"https:\/\/ancomnha.io.vn\/#\/schema\/logo\/image\/"}}]}},"jetpack_sharing_enabled":true,"_links":{"self":[{"href":"https:\/\/ancomnha.io.vn\/index.php\/wp-json\/wp\/v2\/product\/224","targetHints":{"allow":["GET"]}}],"collection":[{"href":"https:\/\/ancomnha.io.vn\/index.php\/wp-json\/wp\/v2\/product"}],"about":[{"href":"https:\/\/ancomnha.io.vn\/index.php\/wp-json\/wp\/v2\/types\/product"}],"replies":[{"embeddable":true,"href":"https:\/\/ancomnha.io.vn\/index.php\/wp-json\/wp\/v2\/comments?post=224"}],"wp:featuredmedia":[{"embeddable":true,"href":"https:\/\/ancomnha.io.vn\/index.php\/wp-json\/wp\/v2\/media\/225"}],"wp:attachment":[{"href":"https:\/\/ancomnha.io.vn\/index.php\/wp-json\/wp\/v2\/media?parent=224"}],"wp:term":[{"taxonomy":"product_brand","embeddable":true,"href":"https:\/\/ancomnha.io.vn\/index.php\/wp-json\/wp\/v2\/product_brand?post=224"},{"taxonomy":"product_cat","embeddable":true,"href":"https:\/\/ancomnha.io.vn\/index.php\/wp-json\/wp\/v2\/product_cat?post=224"},{"taxonomy":"product_tag","embeddable":true,"href":"https:\/\/ancomnha.io.vn\/index.php\/wp-json\/wp\/v2\/product_tag?post=224"}],"curies":[{"name":"wp","href":"https:\/\/api.w.org\/{rel}","templated":true}]}}