{"id":222,"date":"2026-02-07T07:19:21","date_gmt":"2026-02-07T07:19:21","guid":{"rendered":"https:\/\/ancomnha.io.vn\/?post_type=product&#038;p=222"},"modified":"2026-02-07T07:19:21","modified_gmt":"2026-02-07T07:19:21","slug":"c2-dao","status":"publish","type":"product","link":"https:\/\/ancomnha.io.vn\/index.php\/product\/c2-dao\/","title":{"rendered":"C2 \u0111\u00e0o"},"content":{"rendered":"<p>C2 \u0111\u00e0o l\u00e0 th\u1ee9c u\u1ed1ng tr\u00e0 tr\u00e1i c\u00e2y c\u00f3 <strong data-start=\"36\" data-end=\"84\">h\u01b0\u01a1ng \u0111\u00e0o th\u01a1m nh\u1eb9, v\u1ecb ng\u1ecdt d\u1ecbu v\u00e0 thanh m\u00e1t<\/strong>, r\u1ea5t d\u1ec5 u\u1ed1ng. N\u01b0\u1edbc c\u00f3 m\u00e0u cam h\u1ed3ng b\u1eaft m\u1eaft, m\u00f9i \u0111\u00e0o t\u1ef1 nhi\u00ean, ngon h\u01a1n khi u\u1ed1ng l\u1ea1nh. C2 \u0111\u00e0o gi\u00fap <strong data-start=\"183\" data-end=\"244\">gi\u1ea3i kh\u00e1t nhanh, mang l\u1ea1i c\u1ea3m gi\u00e1c t\u01b0\u01a1i m\u00e1t v\u00e0 s\u1ea3ng kho\u00e1i<\/strong>, ph\u00f9 h\u1ee3p d\u00f9ng h\u1eb1ng ng\u00e0y ho\u1eb7c khi tr\u1eddi n\u00f3ng<\/p>\n","protected":false},"excerpt":{"rendered":"<p>C2 \u0111\u00e0o l\u00e0 th\u1ee9c u\u1ed1ng tr\u00e0 tr\u00e1i c\u00e2y c\u00f3 <strong data-start=\"36\" data-end=\"84\">h\u01b0\u01a1ng \u0111\u00e0o th\u01a1m nh\u1eb9, v\u1ecb ng\u1ecdt d\u1ecbu v\u00e0 thanh m\u00e1t<\/strong>, r\u1ea5t d\u1ec5 u\u1ed1ng. N\u01b0\u1edbc c\u00f3 m\u00e0u cam h\u1ed3ng b\u1eaft m\u1eaft, m\u00f9i \u0111\u00e0o t\u1ef1 nhi\u00ean, ngon h\u01a1n khi u\u1ed1ng l\u1ea1nh. C2 \u0111\u00e0o gi\u00fap <strong data-start=\"183\" data-end=\"244\">gi\u1ea3i kh\u00e1t nhanh, mang l\u1ea1i c\u1ea3m gi\u00e1c t\u01b0\u01a1i m\u00e1t v\u00e0 s\u1ea3ng kho\u00e1i<\/strong>, ph\u00f9 h\u1ee3p d\u00f9ng h\u1eb1ng ng\u00e0y ho\u1eb7c khi tr\u1eddi n\u00f3ng<\/p>\n","protected":false},"featured_media":223,"comment_status":"open","ping_status":"closed","template":"","meta":{"_regular_price":["20000"],"currency_symbol":[]},"product_brand":[],"product_cat":[17],"product_tag":[],"class_list":{"0":"post-222","1":"product","2":"type-product","3":"status-publish","4":"has-post-thumbnail","6":"product_cat-uncategorized","8":"first","9":"instock","10":"sale","11":"taxable","12":"shipping-taxable","13":"purchasable","14":"product-type-simple"},"post_slider_layout_featured_media_urls":{"thumbnail":["https:\/\/ancomnha.io.vn\/wp-content\/uploads\/2026\/02\/shopping-2-150x150.webp",150,150,true],"post_slider_layout_landscape_large":["https:\/\/ancomnha.io.vn\/wp-content\/uploads\/2026\/02\/shopping-2.webp",237,237,false],"post_slider_layout_portrait_large":["https:\/\/ancomnha.io.vn\/wp-content\/uploads\/2026\/02\/shopping-2.webp",237,237,false],"post_slider_layout_square_large":["https:\/\/ancomnha.io.vn\/wp-content\/uploads\/2026\/02\/shopping-2.webp",237,237,false],"post_slider_layout_landscape":["https:\/\/ancomnha.io.vn\/wp-content\/uploads\/2026\/02\/shopping-2.webp",237,237,false],"post_slider_layout_portrait":["https:\/\/ancomnha.io.vn\/wp-content\/uploads\/2026\/02\/shopping-2.webp",237,237,false],"post_slider_layout_square":["https:\/\/ancomnha.io.vn\/wp-content\/uploads\/2026\/02\/shopping-2.webp",237,237,false],"full":["https:\/\/ancomnha.io.vn\/wp-content\/uploads\/2026\/02\/shopping-2.webp",237,237,false]},"yoast_head":"<!-- This site is optimized with the Yoast SEO plugin v27.5 - https:\/\/yoast.com\/product\/yoast-seo-wordpress\/ -->\n<title>C2 \u0111\u00e0o - \u0102n C\u01a1m Nh\u00e1<\/title>\n<meta name=\"description\" content=\"C2 \u0111\u00e0o l\u00e0 th\u1ee9c u\u1ed1ng tr\u00e0 tr\u00e1i c\u00e2y c\u00f3 h\u01b0\u01a1ng \u0111\u00e0o th\u01a1m nh\u1eb9, v\u1ecb ng\u1ecdt d\u1ecbu v\u00e0 thanh m\u00e1t, r\u1ea5t d\u1ec5 u\u1ed1ng. N\u01b0\u1edbc c\u00f3 m\u00e0u cam h\u1ed3ng b\u1eaft m\u1eaft, m\u00f9i \u0111\u00e0o t\u1ef1 nhi\u00ean, ngon h\u01a1n khi u\u1ed1ng l\u1ea1nh. C2 \u0111\u00e0o gi\u00fap gi\u1ea3i kh\u00e1t nhanh, mang l\u1ea1i c\u1ea3m gi\u00e1c t\u01b0\u01a1i m\u00e1t v\u00e0 s\u1ea3ng kho\u00e1i, ph\u00f9 h\u1ee3p d\u00f9ng h\u1eb1ng ng\u00e0y ho\u1eb7c khi tr\u1eddi n\u00f3ng\" \/>\n<meta name=\"robots\" content=\"index, follow, max-snippet:-1, max-image-preview:large, max-video-preview:-1\" \/>\n<link rel=\"canonical\" href=\"https:\/\/ancomnha.io.vn\/index.php\/product\/c2-dao\/\" \/>\n<meta property=\"og:locale\" content=\"vi_VN\" \/>\n<meta property=\"og:type\" content=\"article\" \/>\n<meta property=\"og:title\" content=\"C2 \u0111\u00e0o - \u0102n C\u01a1m Nh\u00e1\" \/>\n<meta property=\"og:description\" content=\"C2 \u0111\u00e0o l\u00e0 th\u1ee9c u\u1ed1ng tr\u00e0 tr\u00e1i c\u00e2y c\u00f3 h\u01b0\u01a1ng \u0111\u00e0o th\u01a1m nh\u1eb9, v\u1ecb ng\u1ecdt d\u1ecbu v\u00e0 thanh m\u00e1t, r\u1ea5t d\u1ec5 u\u1ed1ng. N\u01b0\u1edbc c\u00f3 m\u00e0u cam h\u1ed3ng b\u1eaft m\u1eaft, m\u00f9i \u0111\u00e0o t\u1ef1 nhi\u00ean, ngon h\u01a1n khi u\u1ed1ng l\u1ea1nh. C2 \u0111\u00e0o gi\u00fap gi\u1ea3i kh\u00e1t nhanh, mang l\u1ea1i c\u1ea3m gi\u00e1c t\u01b0\u01a1i m\u00e1t v\u00e0 s\u1ea3ng kho\u00e1i, ph\u00f9 h\u1ee3p d\u00f9ng h\u1eb1ng ng\u00e0y ho\u1eb7c khi tr\u1eddi n\u00f3ng\" \/>\n<meta property=\"og:url\" content=\"https:\/\/ancomnha.io.vn\/index.php\/product\/c2-dao\/\" \/>\n<meta property=\"og:site_name\" content=\"\u0102n C\u01a1m Nh\u00e1\" \/>\n<meta property=\"og:image\" content=\"https:\/\/ancomnha.io.vn\/wp-content\/uploads\/2026\/02\/shopping-2.webp\" \/>\n\t<meta property=\"og:image:width\" content=\"237\" \/>\n\t<meta property=\"og:image:height\" content=\"237\" \/>\n\t<meta property=\"og:image:type\" content=\"image\/webp\" \/>\n<meta name=\"twitter:card\" content=\"summary_large_image\" \/>\n<meta name=\"twitter:label1\" content=\"\u01af\u1edbc t\u00ednh th\u1eddi gian \u0111\u1ecdc\" \/>\n\t<meta name=\"twitter:data1\" content=\"1 ph\u00fat\" \/>\n<script type=\"application\/ld+json\" class=\"yoast-schema-graph\">{\"@context\":\"https:\\\/\\\/schema.org\",\"@graph\":[{\"@type\":\"WebPage\",\"@id\":\"https:\\\/\\\/ancomnha.io.vn\\\/index.php\\\/product\\\/c2-dao\\\/\",\"url\":\"https:\\\/\\\/ancomnha.io.vn\\\/index.php\\\/product\\\/c2-dao\\\/\",\"name\":\"C2 \u0111\u00e0o - \u0102n C\u01a1m Nh\u00e1\",\"isPartOf\":{\"@id\":\"https:\\\/\\\/ancomnha.io.vn\\\/#website\"},\"primaryImageOfPage\":{\"@id\":\"https:\\\/\\\/ancomnha.io.vn\\\/index.php\\\/product\\\/c2-dao\\\/#primaryimage\"},\"image\":{\"@id\":\"https:\\\/\\\/ancomnha.io.vn\\\/index.php\\\/product\\\/c2-dao\\\/#primaryimage\"},\"thumbnailUrl\":\"https:\\\/\\\/ancomnha.io.vn\\\/wp-content\\\/uploads\\\/2026\\\/02\\\/shopping-2.webp\",\"datePublished\":\"2026-02-07T07:19:21+00:00\",\"description\":\"C2 \u0111\u00e0o l\u00e0 th\u1ee9c u\u1ed1ng tr\u00e0 tr\u00e1i c\u00e2y c\u00f3 h\u01b0\u01a1ng \u0111\u00e0o th\u01a1m nh\u1eb9, v\u1ecb ng\u1ecdt d\u1ecbu v\u00e0 thanh m\u00e1t, r\u1ea5t d\u1ec5 u\u1ed1ng. N\u01b0\u1edbc c\u00f3 m\u00e0u cam h\u1ed3ng b\u1eaft m\u1eaft, m\u00f9i \u0111\u00e0o t\u1ef1 nhi\u00ean, ngon h\u01a1n khi u\u1ed1ng l\u1ea1nh. C2 \u0111\u00e0o gi\u00fap gi\u1ea3i kh\u00e1t nhanh, mang l\u1ea1i c\u1ea3m gi\u00e1c t\u01b0\u01a1i m\u00e1t v\u00e0 s\u1ea3ng kho\u00e1i, ph\u00f9 h\u1ee3p d\u00f9ng h\u1eb1ng ng\u00e0y ho\u1eb7c khi tr\u1eddi n\u00f3ng\",\"breadcrumb\":{\"@id\":\"https:\\\/\\\/ancomnha.io.vn\\\/index.php\\\/product\\\/c2-dao\\\/#breadcrumb\"},\"inLanguage\":\"vi\",\"potentialAction\":[{\"@type\":\"ReadAction\",\"target\":[\"https:\\\/\\\/ancomnha.io.vn\\\/index.php\\\/product\\\/c2-dao\\\/\"]}]},{\"@type\":\"ImageObject\",\"inLanguage\":\"vi\",\"@id\":\"https:\\\/\\\/ancomnha.io.vn\\\/index.php\\\/product\\\/c2-dao\\\/#primaryimage\",\"url\":\"https:\\\/\\\/ancomnha.io.vn\\\/wp-content\\\/uploads\\\/2026\\\/02\\\/shopping-2.webp\",\"contentUrl\":\"https:\\\/\\\/ancomnha.io.vn\\\/wp-content\\\/uploads\\\/2026\\\/02\\\/shopping-2.webp\",\"width\":237,\"height\":237},{\"@type\":\"BreadcrumbList\",\"@id\":\"https:\\\/\\\/ancomnha.io.vn\\\/index.php\\\/product\\\/c2-dao\\\/#breadcrumb\",\"itemListElement\":[{\"@type\":\"ListItem\",\"position\":1,\"name\":\"Home\",\"item\":\"https:\\\/\\\/ancomnha.io.vn\\\/\"},{\"@type\":\"ListItem\",\"position\":2,\"name\":\"Shop\",\"item\":\"https:\\\/\\\/ancomnha.io.vn\\\/index.php\\\/shop\\\/\"},{\"@type\":\"ListItem\",\"position\":3,\"name\":\"C2 \u0111\u00e0o\"}]},{\"@type\":\"WebSite\",\"@id\":\"https:\\\/\\\/ancomnha.io.vn\\\/#website\",\"url\":\"https:\\\/\\\/ancomnha.io.vn\\\/\",\"name\":\"\u0102n C\u01a1m Nh\u00e1\",\"description\":\"\",\"publisher\":{\"@id\":\"https:\\\/\\\/ancomnha.io.vn\\\/#organization\"},\"potentialAction\":[{\"@type\":\"SearchAction\",\"target\":{\"@type\":\"EntryPoint\",\"urlTemplate\":\"https:\\\/\\\/ancomnha.io.vn\\\/?s={search_term_string}\"},\"query-input\":{\"@type\":\"PropertyValueSpecification\",\"valueRequired\":true,\"valueName\":\"search_term_string\"}}],\"inLanguage\":\"vi\"},{\"@type\":\"Organization\",\"@id\":\"https:\\\/\\\/ancomnha.io.vn\\\/#organization\",\"name\":\"\u0102n C\u01a1m Nh\u00e1\",\"url\":\"https:\\\/\\\/ancomnha.io.vn\\\/\",\"logo\":{\"@type\":\"ImageObject\",\"inLanguage\":\"vi\",\"@id\":\"https:\\\/\\\/ancomnha.io.vn\\\/#\\\/schema\\\/logo\\\/image\\\/\",\"url\":\"https:\\\/\\\/ancomnha.io.vn\\\/wp-content\\\/uploads\\\/2026\\\/01\\\/cropped-logo-ancomnha-1.jpg\",\"contentUrl\":\"https:\\\/\\\/ancomnha.io.vn\\\/wp-content\\\/uploads\\\/2026\\\/01\\\/cropped-logo-ancomnha-1.jpg\",\"width\":200,\"height\":200,\"caption\":\"\u0102n C\u01a1m Nh\u00e1\"},\"image\":{\"@id\":\"https:\\\/\\\/ancomnha.io.vn\\\/#\\\/schema\\\/logo\\\/image\\\/\"}}]}<\/script>\n<!-- \/ Yoast SEO plugin. -->","yoast_head_json":{"title":"C2 \u0111\u00e0o - \u0102n C\u01a1m Nh\u00e1","description":"C2 \u0111\u00e0o l\u00e0 th\u1ee9c u\u1ed1ng tr\u00e0 tr\u00e1i c\u00e2y c\u00f3 h\u01b0\u01a1ng \u0111\u00e0o th\u01a1m nh\u1eb9, v\u1ecb ng\u1ecdt d\u1ecbu v\u00e0 thanh m\u00e1t, r\u1ea5t d\u1ec5 u\u1ed1ng. N\u01b0\u1edbc c\u00f3 m\u00e0u cam h\u1ed3ng b\u1eaft m\u1eaft, m\u00f9i \u0111\u00e0o t\u1ef1 nhi\u00ean, ngon h\u01a1n khi u\u1ed1ng l\u1ea1nh. C2 \u0111\u00e0o gi\u00fap gi\u1ea3i kh\u00e1t nhanh, mang l\u1ea1i c\u1ea3m gi\u00e1c t\u01b0\u01a1i m\u00e1t v\u00e0 s\u1ea3ng kho\u00e1i, ph\u00f9 h\u1ee3p d\u00f9ng h\u1eb1ng ng\u00e0y ho\u1eb7c khi tr\u1eddi n\u00f3ng","robots":{"index":"index","follow":"follow","max-snippet":"max-snippet:-1","max-image-preview":"max-image-preview:large","max-video-preview":"max-video-preview:-1"},"canonical":"https:\/\/ancomnha.io.vn\/index.php\/product\/c2-dao\/","og_locale":"vi_VN","og_type":"article","og_title":"C2 \u0111\u00e0o - \u0102n C\u01a1m Nh\u00e1","og_description":"C2 \u0111\u00e0o l\u00e0 th\u1ee9c u\u1ed1ng tr\u00e0 tr\u00e1i c\u00e2y c\u00f3 h\u01b0\u01a1ng \u0111\u00e0o th\u01a1m nh\u1eb9, v\u1ecb ng\u1ecdt d\u1ecbu v\u00e0 thanh m\u00e1t, r\u1ea5t d\u1ec5 u\u1ed1ng. N\u01b0\u1edbc c\u00f3 m\u00e0u cam h\u1ed3ng b\u1eaft m\u1eaft, m\u00f9i \u0111\u00e0o t\u1ef1 nhi\u00ean, ngon h\u01a1n khi u\u1ed1ng l\u1ea1nh. C2 \u0111\u00e0o gi\u00fap gi\u1ea3i kh\u00e1t nhanh, mang l\u1ea1i c\u1ea3m gi\u00e1c t\u01b0\u01a1i m\u00e1t v\u00e0 s\u1ea3ng kho\u00e1i, ph\u00f9 h\u1ee3p d\u00f9ng h\u1eb1ng ng\u00e0y ho\u1eb7c khi tr\u1eddi n\u00f3ng","og_url":"https:\/\/ancomnha.io.vn\/index.php\/product\/c2-dao\/","og_site_name":"\u0102n C\u01a1m Nh\u00e1","og_image":[{"width":237,"height":237,"url":"https:\/\/ancomnha.io.vn\/wp-content\/uploads\/2026\/02\/shopping-2.webp","type":"image\/webp"}],"twitter_card":"summary_large_image","twitter_misc":{"\u01af\u1edbc t\u00ednh th\u1eddi gian \u0111\u1ecdc":"1 ph\u00fat"},"schema":{"@context":"https:\/\/schema.org","@graph":[{"@type":"WebPage","@id":"https:\/\/ancomnha.io.vn\/index.php\/product\/c2-dao\/","url":"https:\/\/ancomnha.io.vn\/index.php\/product\/c2-dao\/","name":"C2 \u0111\u00e0o - \u0102n C\u01a1m Nh\u00e1","isPartOf":{"@id":"https:\/\/ancomnha.io.vn\/#website"},"primaryImageOfPage":{"@id":"https:\/\/ancomnha.io.vn\/index.php\/product\/c2-dao\/#primaryimage"},"image":{"@id":"https:\/\/ancomnha.io.vn\/index.php\/product\/c2-dao\/#primaryimage"},"thumbnailUrl":"https:\/\/ancomnha.io.vn\/wp-content\/uploads\/2026\/02\/shopping-2.webp","datePublished":"2026-02-07T07:19:21+00:00","description":"C2 \u0111\u00e0o l\u00e0 th\u1ee9c u\u1ed1ng tr\u00e0 tr\u00e1i c\u00e2y c\u00f3 h\u01b0\u01a1ng \u0111\u00e0o th\u01a1m nh\u1eb9, v\u1ecb ng\u1ecdt d\u1ecbu v\u00e0 thanh m\u00e1t, r\u1ea5t d\u1ec5 u\u1ed1ng. N\u01b0\u1edbc c\u00f3 m\u00e0u cam h\u1ed3ng b\u1eaft m\u1eaft, m\u00f9i \u0111\u00e0o t\u1ef1 nhi\u00ean, ngon h\u01a1n khi u\u1ed1ng l\u1ea1nh. C2 \u0111\u00e0o gi\u00fap gi\u1ea3i kh\u00e1t nhanh, mang l\u1ea1i c\u1ea3m gi\u00e1c t\u01b0\u01a1i m\u00e1t v\u00e0 s\u1ea3ng kho\u00e1i, ph\u00f9 h\u1ee3p d\u00f9ng h\u1eb1ng ng\u00e0y ho\u1eb7c khi tr\u1eddi n\u00f3ng","breadcrumb":{"@id":"https:\/\/ancomnha.io.vn\/index.php\/product\/c2-dao\/#breadcrumb"},"inLanguage":"vi","potentialAction":[{"@type":"ReadAction","target":["https:\/\/ancomnha.io.vn\/index.php\/product\/c2-dao\/"]}]},{"@type":"ImageObject","inLanguage":"vi","@id":"https:\/\/ancomnha.io.vn\/index.php\/product\/c2-dao\/#primaryimage","url":"https:\/\/ancomnha.io.vn\/wp-content\/uploads\/2026\/02\/shopping-2.webp","contentUrl":"https:\/\/ancomnha.io.vn\/wp-content\/uploads\/2026\/02\/shopping-2.webp","width":237,"height":237},{"@type":"BreadcrumbList","@id":"https:\/\/ancomnha.io.vn\/index.php\/product\/c2-dao\/#breadcrumb","itemListElement":[{"@type":"ListItem","position":1,"name":"Home","item":"https:\/\/ancomnha.io.vn\/"},{"@type":"ListItem","position":2,"name":"Shop","item":"https:\/\/ancomnha.io.vn\/index.php\/shop\/"},{"@type":"ListItem","position":3,"name":"C2 \u0111\u00e0o"}]},{"@type":"WebSite","@id":"https:\/\/ancomnha.io.vn\/#website","url":"https:\/\/ancomnha.io.vn\/","name":"\u0102n C\u01a1m Nh\u00e1","description":"","publisher":{"@id":"https:\/\/ancomnha.io.vn\/#organization"},"potentialAction":[{"@type":"SearchAction","target":{"@type":"EntryPoint","urlTemplate":"https:\/\/ancomnha.io.vn\/?s={search_term_string}"},"query-input":{"@type":"PropertyValueSpecification","valueRequired":true,"valueName":"search_term_string"}}],"inLanguage":"vi"},{"@type":"Organization","@id":"https:\/\/ancomnha.io.vn\/#organization","name":"\u0102n C\u01a1m Nh\u00e1","url":"https:\/\/ancomnha.io.vn\/","logo":{"@type":"ImageObject","inLanguage":"vi","@id":"https:\/\/ancomnha.io.vn\/#\/schema\/logo\/image\/","url":"https:\/\/ancomnha.io.vn\/wp-content\/uploads\/2026\/01\/cropped-logo-ancomnha-1.jpg","contentUrl":"https:\/\/ancomnha.io.vn\/wp-content\/uploads\/2026\/01\/cropped-logo-ancomnha-1.jpg","width":200,"height":200,"caption":"\u0102n C\u01a1m Nh\u00e1"},"image":{"@id":"https:\/\/ancomnha.io.vn\/#\/schema\/logo\/image\/"}}]}},"jetpack_sharing_enabled":true,"_links":{"self":[{"href":"https:\/\/ancomnha.io.vn\/index.php\/wp-json\/wp\/v2\/product\/222","targetHints":{"allow":["GET"]}}],"collection":[{"href":"https:\/\/ancomnha.io.vn\/index.php\/wp-json\/wp\/v2\/product"}],"about":[{"href":"https:\/\/ancomnha.io.vn\/index.php\/wp-json\/wp\/v2\/types\/product"}],"replies":[{"embeddable":true,"href":"https:\/\/ancomnha.io.vn\/index.php\/wp-json\/wp\/v2\/comments?post=222"}],"wp:featuredmedia":[{"embeddable":true,"href":"https:\/\/ancomnha.io.vn\/index.php\/wp-json\/wp\/v2\/media\/223"}],"wp:attachment":[{"href":"https:\/\/ancomnha.io.vn\/index.php\/wp-json\/wp\/v2\/media?parent=222"}],"wp:term":[{"taxonomy":"product_brand","embeddable":true,"href":"https:\/\/ancomnha.io.vn\/index.php\/wp-json\/wp\/v2\/product_brand?post=222"},{"taxonomy":"product_cat","embeddable":true,"href":"https:\/\/ancomnha.io.vn\/index.php\/wp-json\/wp\/v2\/product_cat?post=222"},{"taxonomy":"product_tag","embeddable":true,"href":"https:\/\/ancomnha.io.vn\/index.php\/wp-json\/wp\/v2\/product_tag?post=222"}],"curies":[{"name":"wp","href":"https:\/\/api.w.org\/{rel}","templated":true}]}}