{"id":212,"date":"2026-02-07T07:10:52","date_gmt":"2026-02-07T07:10:52","guid":{"rendered":"https:\/\/ancomnha.io.vn\/?post_type=product&#038;p=212"},"modified":"2026-02-07T07:10:52","modified_gmt":"2026-02-07T07:10:52","slug":"sinh-to-trai-cay","status":"publish","type":"product","link":"https:\/\/ancomnha.io.vn\/index.php\/product\/sinh-to-trai-cay\/","title":{"rendered":"Sinh t\u1ed1 tr\u00e1i c\u00e2y"},"content":{"rendered":"<article class=\"text-token-text-primary w-full focus:outline-none [--shadow-height:45px] has-data-writing-block:pointer-events-none has-data-writing-block:-mt-(--shadow-height) has-data-writing-block:pt-(--shadow-height) [&amp;:has([data-writing-block])&gt;*]:pointer-events-auto scroll-mt-(--header-height)\" dir=\"auto\" tabindex=\"-1\" data-turn-id=\"0353cf59-dad0-4e64-9044-90df6b7f8057\" data-testid=\"conversation-turn-9\" data-scroll-anchor=\"false\" data-turn=\"user\"><\/article>\n<article class=\"text-token-text-primary w-full focus:outline-none [--shadow-height:45px] has-data-writing-block:pointer-events-none has-data-writing-block:-mt-(--shadow-height) has-data-writing-block:pt-(--shadow-height) [&amp;:has([data-writing-block])&gt;*]:pointer-events-auto scroll-mt-[calc(var(--header-height)+min(200px,max(70px,20svh)))]\" dir=\"auto\" tabindex=\"-1\" data-turn-id=\"request-WEB:bf6d1ab4-4cc4-4d8c-b49d-544d3c856241-4\" data-testid=\"conversation-turn-10\" data-scroll-anchor=\"true\" data-turn=\"assistant\">\n<div class=\"text-base my-auto mx-auto pb-10 [--thread-content-margin:--spacing(4)] @w-sm\/main:[--thread-content-margin:--spacing(6)] @w-lg\/main:[--thread-content-margin:--spacing(16)] px-(--thread-content-margin)\">\n<div class=\"[--thread-content-max-width:40rem] @w-lg\/main:[--thread-content-max-width:48rem] mx-auto max-w-(--thread-content-max-width) flex-1 group\/turn-messages focus-visible:outline-hidden relative flex w-full min-w-0 flex-col agent-turn\" tabindex=\"-1\">\n<div class=\"flex max-w-full flex-col grow\">\n<div class=\"min-h-8 text-message relative flex w-full flex-col items-end gap-2 text-start break-words whitespace-normal [.text-message+&amp;]:mt-1\" dir=\"auto\" data-message-author-role=\"assistant\" data-message-id=\"f9ca6381-9551-436d-9c68-94f0b89b4e0a\" data-message-model-slug=\"gpt-5-2\">\n<div class=\"flex w-full flex-col gap-1 empty:hidden first:pt-[1px]\">\n<div class=\"markdown prose dark:prose-invert w-full wrap-break-word dark markdown-new-styling\">\n<p data-start=\"0\" data-end=\"372\" data-is-last-node=\"\" data-is-only-node=\"\">Ly <strong data-start=\"3\" data-end=\"19\">n\u01b0\u1edbc sinh t\u1ed1<\/strong> c\u00f3 m\u00e0u s\u1eafc t\u01b0\u01a1i m\u00e1t, s\u00e1nh m\u1ecbn v\u00e0 m\u00e1t l\u1ea1nh, \u0111\u01b0\u1ee3c xay t\u1eeb <strong data-start=\"75\" data-end=\"92\">tr\u00e1i c\u00e2y t\u01b0\u01a1i<\/strong> n\u00ean gi\u1eef tr\u1ecdn v\u1ecb ng\u1ecdt t\u1ef1 nhi\u00ean. Khi u\u1ed1ng c\u00f3 c\u1ea3m gi\u00e1c <strong data-start=\"145\" data-end=\"171\">b\u00e9o nh\u1eb9, th\u01a1m tr\u00e1i c\u00e2y<\/strong>, kh\u00f4ng qu\u00e1 g\u1eaft, r\u1ea5t d\u1ec5 u\u1ed1ng. Sinh t\u1ed1 th\u01b0\u1eddng \u0111\u01b0\u1ee3c trang tr\u00ed th\u00eam <strong data-start=\"236\" data-end=\"269\">tr\u00e1i c\u00e2y c\u1eaft l\u00e1t v\u00e0 l\u00e1 b\u1ea1c h\u00e0<\/strong>, v\u1eeba \u0111\u1eb9p m\u1eaft v\u1eeba t\u0103ng h\u01b0\u01a1ng v\u1ecb, th\u00edch h\u1ee3p \u0111\u1ec3 gi\u1ea3i kh\u00e1t, b\u1ed5 sung n\u0103ng l\u01b0\u1ee3ng v\u00e0 vitamin m\u1ed7i ng\u00e0y.<\/p>\n<\/div>\n<\/div>\n<\/div>\n<\/div>\n<\/div>\n<\/div>\n<\/article>\n","protected":false},"excerpt":{"rendered":"<article class=\"text-token-text-primary w-full focus:outline-none [--shadow-height:45px] has-data-writing-block:pointer-events-none has-data-writing-block:-mt-(--shadow-height) has-data-writing-block:pt-(--shadow-height) [&amp;:has([data-writing-block])&gt;*]:pointer-events-auto scroll-mt-(--header-height)\" dir=\"auto\" tabindex=\"-1\" data-turn-id=\"0353cf59-dad0-4e64-9044-90df6b7f8057\" data-testid=\"conversation-turn-9\" data-scroll-anchor=\"false\" data-turn=\"user\"><\/article>\n<article class=\"text-token-text-primary w-full focus:outline-none [--shadow-height:45px] has-data-writing-block:pointer-events-none has-data-writing-block:-mt-(--shadow-height) has-data-writing-block:pt-(--shadow-height) [&amp;:has([data-writing-block])&gt;*]:pointer-events-auto scroll-mt-[calc(var(--header-height)+min(200px,max(70px,20svh)))]\" dir=\"auto\" tabindex=\"-1\" data-turn-id=\"request-WEB:bf6d1ab4-4cc4-4d8c-b49d-544d3c856241-4\" data-testid=\"conversation-turn-10\" data-scroll-anchor=\"true\" data-turn=\"assistant\">\n<div class=\"text-base my-auto mx-auto pb-10 [--thread-content-margin:--spacing(4)] @w-sm\/main:[--thread-content-margin:--spacing(6)] @w-lg\/main:[--thread-content-margin:--spacing(16)] px-(--thread-content-margin)\">\n<div class=\"[--thread-content-max-width:40rem] @w-lg\/main:[--thread-content-max-width:48rem] mx-auto max-w-(--thread-content-max-width) flex-1 group\/turn-messages focus-visible:outline-hidden relative flex w-full min-w-0 flex-col agent-turn\" tabindex=\"-1\">\n<div class=\"flex max-w-full flex-col grow\">\n<div class=\"min-h-8 text-message relative flex w-full flex-col items-end gap-2 text-start break-words whitespace-normal [.text-message+&amp;]:mt-1\" dir=\"auto\" data-message-author-role=\"assistant\" data-message-id=\"f9ca6381-9551-436d-9c68-94f0b89b4e0a\" data-message-model-slug=\"gpt-5-2\">\n<div class=\"flex w-full flex-col gap-1 empty:hidden first:pt-[1px]\">\n<div class=\"markdown prose dark:prose-invert w-full wrap-break-word dark markdown-new-styling\">\n<p data-start=\"0\" data-end=\"372\" data-is-last-node=\"\" data-is-only-node=\"\">Ly <strong data-start=\"3\" data-end=\"19\">n\u01b0\u1edbc sinh t\u1ed1<\/strong> c\u00f3 m\u00e0u s\u1eafc t\u01b0\u01a1i m\u00e1t, s\u00e1nh m\u1ecbn v\u00e0 m\u00e1t l\u1ea1nh, \u0111\u01b0\u1ee3c xay t\u1eeb <strong data-start=\"75\" data-end=\"92\">tr\u00e1i c\u00e2y t\u01b0\u01a1i<\/strong> n\u00ean gi\u1eef tr\u1ecdn v\u1ecb ng\u1ecdt t\u1ef1 nhi\u00ean. Khi u\u1ed1ng c\u00f3 c\u1ea3m gi\u00e1c <strong data-start=\"145\" data-end=\"171\">b\u00e9o nh\u1eb9, th\u01a1m tr\u00e1i c\u00e2y<\/strong>, kh\u00f4ng qu\u00e1 g\u1eaft, r\u1ea5t d\u1ec5 u\u1ed1ng. Sinh t\u1ed1 th\u01b0\u1eddng \u0111\u01b0\u1ee3c trang tr\u00ed th\u00eam <strong data-start=\"236\" data-end=\"269\">tr\u00e1i c\u00e2y c\u1eaft l\u00e1t v\u00e0 l\u00e1 b\u1ea1c h\u00e0<\/strong>, v\u1eeba \u0111\u1eb9p m\u1eaft v\u1eeba t\u0103ng h\u01b0\u01a1ng v\u1ecb, th\u00edch h\u1ee3p \u0111\u1ec3 gi\u1ea3i kh\u00e1t, b\u1ed5 sung n\u0103ng l\u01b0\u1ee3ng v\u00e0 vitamin m\u1ed7i ng\u00e0y.<\/p>\n<\/div>\n<\/div>\n<\/div>\n<\/div>\n<\/div>\n<\/div>\n<\/article>\n","protected":false},"featured_media":216,"comment_status":"open","ping_status":"closed","template":"","meta":{"_regular_price":["30000"],"currency_symbol":[]},"product_brand":[],"product_cat":[17],"product_tag":[],"class_list":{"0":"post-212","1":"product","2":"type-product","3":"status-publish","4":"has-post-thumbnail","6":"product_cat-uncategorized","8":"first","9":"instock","10":"sale","11":"taxable","12":"shipping-taxable","13":"purchasable","14":"product-type-simple"},"post_slider_layout_featured_media_urls":{"thumbnail":["https:\/\/ancomnha.io.vn\/wp-content\/uploads\/2026\/02\/6ff1729c-9732-4929-abc1-292e614cbb1e-150x150.png",150,150,true],"post_slider_layout_landscape_large":["https:\/\/ancomnha.io.vn\/wp-content\/uploads\/2026\/02\/6ff1729c-9732-4929-abc1-292e614cbb1e-1024x800.png",1024,800,true],"post_slider_layout_portrait_large":["https:\/\/ancomnha.io.vn\/wp-content\/uploads\/2026\/02\/6ff1729c-9732-4929-abc1-292e614cbb1e.png",1024,1536,false],"post_slider_layout_square_large":["https:\/\/ancomnha.io.vn\/wp-content\/uploads\/2026\/02\/6ff1729c-9732-4929-abc1-292e614cbb1e-1024x1200.png",1024,1200,true],"post_slider_layout_landscape":["https:\/\/ancomnha.io.vn\/wp-content\/uploads\/2026\/02\/6ff1729c-9732-4929-abc1-292e614cbb1e-600x400.png",600,400,true],"post_slider_layout_portrait":["https:\/\/ancomnha.io.vn\/wp-content\/uploads\/2026\/02\/6ff1729c-9732-4929-abc1-292e614cbb1e-600x900.png",600,900,true],"post_slider_layout_square":["https:\/\/ancomnha.io.vn\/wp-content\/uploads\/2026\/02\/6ff1729c-9732-4929-abc1-292e614cbb1e-600x600.png",600,600,true],"full":["https:\/\/ancomnha.io.vn\/wp-content\/uploads\/2026\/02\/6ff1729c-9732-4929-abc1-292e614cbb1e.png",1024,1536,false]},"yoast_head":"<!-- This site is optimized with the Yoast SEO plugin v27.5 - https:\/\/yoast.com\/product\/yoast-seo-wordpress\/ -->\n<title>Sinh t\u1ed1 tr\u00e1i c\u00e2y - \u0102n C\u01a1m Nh\u00e1<\/title>\n<meta name=\"description\" content=\"Ly n\u01b0\u1edbc sinh t\u1ed1 c\u00f3 m\u00e0u s\u1eafc t\u01b0\u01a1i m\u00e1t, s\u00e1nh m\u1ecbn v\u00e0 m\u00e1t l\u1ea1nh, \u0111\u01b0\u1ee3c xay t\u1eeb tr\u00e1i c\u00e2y t\u01b0\u01a1i n\u00ean gi\u1eef tr\u1ecdn v\u1ecb ng\u1ecdt t\u1ef1 nhi\u00ean. Khi u\u1ed1ng c\u00f3 c\u1ea3m gi\u00e1c b\u00e9o nh\u1eb9, th\u01a1m tr\u00e1i c\u00e2y, kh\u00f4ng qu\u00e1 g\u1eaft, r\u1ea5t d\u1ec5 u\u1ed1ng. Sinh t\u1ed1 th\u01b0\u1eddng \u0111\u01b0\u1ee3c trang tr\u00ed th\u00eam tr\u00e1i c\u00e2y c\u1eaft l\u00e1t v\u00e0 l\u00e1 b\u1ea1c h\u00e0, v\u1eeba \u0111\u1eb9p m\u1eaft v\u1eeba t\u0103ng h\u01b0\u01a1ng v\u1ecb, th\u00edch h\u1ee3p \u0111\u1ec3 gi\u1ea3i kh\u00e1t, b\u1ed5 sung n\u0103ng l\u01b0\u1ee3ng v\u00e0 vitamin m\u1ed7i ng\u00e0y.\" \/>\n<meta name=\"robots\" content=\"index, follow, max-snippet:-1, max-image-preview:large, max-video-preview:-1\" \/>\n<link rel=\"canonical\" href=\"https:\/\/ancomnha.io.vn\/index.php\/product\/sinh-to-trai-cay\/\" \/>\n<meta property=\"og:locale\" content=\"vi_VN\" \/>\n<meta property=\"og:type\" content=\"article\" \/>\n<meta property=\"og:title\" content=\"Sinh t\u1ed1 tr\u00e1i c\u00e2y - \u0102n C\u01a1m Nh\u00e1\" \/>\n<meta property=\"og:description\" content=\"Ly n\u01b0\u1edbc sinh t\u1ed1 c\u00f3 m\u00e0u s\u1eafc t\u01b0\u01a1i m\u00e1t, s\u00e1nh m\u1ecbn v\u00e0 m\u00e1t l\u1ea1nh, \u0111\u01b0\u1ee3c xay t\u1eeb tr\u00e1i c\u00e2y t\u01b0\u01a1i n\u00ean gi\u1eef tr\u1ecdn v\u1ecb ng\u1ecdt t\u1ef1 nhi\u00ean. Khi u\u1ed1ng c\u00f3 c\u1ea3m gi\u00e1c b\u00e9o nh\u1eb9, th\u01a1m tr\u00e1i c\u00e2y, kh\u00f4ng qu\u00e1 g\u1eaft, r\u1ea5t d\u1ec5 u\u1ed1ng. Sinh t\u1ed1 th\u01b0\u1eddng \u0111\u01b0\u1ee3c trang tr\u00ed th\u00eam tr\u00e1i c\u00e2y c\u1eaft l\u00e1t v\u00e0 l\u00e1 b\u1ea1c h\u00e0, v\u1eeba \u0111\u1eb9p m\u1eaft v\u1eeba t\u0103ng h\u01b0\u01a1ng v\u1ecb, th\u00edch h\u1ee3p \u0111\u1ec3 gi\u1ea3i kh\u00e1t, b\u1ed5 sung n\u0103ng l\u01b0\u1ee3ng v\u00e0 vitamin m\u1ed7i ng\u00e0y.\" \/>\n<meta property=\"og:url\" content=\"https:\/\/ancomnha.io.vn\/index.php\/product\/sinh-to-trai-cay\/\" \/>\n<meta property=\"og:site_name\" content=\"\u0102n C\u01a1m Nh\u00e1\" \/>\n<meta property=\"og:image\" content=\"https:\/\/ancomnha.io.vn\/wp-content\/uploads\/2026\/02\/6ff1729c-9732-4929-abc1-292e614cbb1e-683x1024.png\" \/>\n\t<meta property=\"og:image:width\" content=\"683\" \/>\n\t<meta property=\"og:image:height\" content=\"1024\" \/>\n\t<meta property=\"og:image:type\" content=\"image\/png\" \/>\n<meta name=\"twitter:card\" content=\"summary_large_image\" \/>\n<meta name=\"twitter:label1\" content=\"\u01af\u1edbc t\u00ednh th\u1eddi gian \u0111\u1ecdc\" \/>\n\t<meta name=\"twitter:data1\" content=\"1 ph\u00fat\" \/>\n<script type=\"application\/ld+json\" class=\"yoast-schema-graph\">{\"@context\":\"https:\\\/\\\/schema.org\",\"@graph\":[{\"@type\":\"WebPage\",\"@id\":\"https:\\\/\\\/ancomnha.io.vn\\\/index.php\\\/product\\\/sinh-to-trai-cay\\\/\",\"url\":\"https:\\\/\\\/ancomnha.io.vn\\\/index.php\\\/product\\\/sinh-to-trai-cay\\\/\",\"name\":\"Sinh t\u1ed1 tr\u00e1i c\u00e2y - \u0102n C\u01a1m Nh\u00e1\",\"isPartOf\":{\"@id\":\"https:\\\/\\\/ancomnha.io.vn\\\/#website\"},\"primaryImageOfPage\":{\"@id\":\"https:\\\/\\\/ancomnha.io.vn\\\/index.php\\\/product\\\/sinh-to-trai-cay\\\/#primaryimage\"},\"image\":{\"@id\":\"https:\\\/\\\/ancomnha.io.vn\\\/index.php\\\/product\\\/sinh-to-trai-cay\\\/#primaryimage\"},\"thumbnailUrl\":\"https:\\\/\\\/ancomnha.io.vn\\\/wp-content\\\/uploads\\\/2026\\\/02\\\/6ff1729c-9732-4929-abc1-292e614cbb1e.png\",\"datePublished\":\"2026-02-07T07:10:52+00:00\",\"description\":\"Ly n\u01b0\u1edbc sinh t\u1ed1 c\u00f3 m\u00e0u s\u1eafc t\u01b0\u01a1i m\u00e1t, s\u00e1nh m\u1ecbn v\u00e0 m\u00e1t l\u1ea1nh, \u0111\u01b0\u1ee3c xay t\u1eeb tr\u00e1i c\u00e2y t\u01b0\u01a1i n\u00ean gi\u1eef tr\u1ecdn v\u1ecb ng\u1ecdt t\u1ef1 nhi\u00ean. Khi u\u1ed1ng c\u00f3 c\u1ea3m gi\u00e1c b\u00e9o nh\u1eb9, th\u01a1m tr\u00e1i c\u00e2y, kh\u00f4ng qu\u00e1 g\u1eaft, r\u1ea5t d\u1ec5 u\u1ed1ng. Sinh t\u1ed1 th\u01b0\u1eddng \u0111\u01b0\u1ee3c trang tr\u00ed th\u00eam tr\u00e1i c\u00e2y c\u1eaft l\u00e1t v\u00e0 l\u00e1 b\u1ea1c h\u00e0, v\u1eeba \u0111\u1eb9p m\u1eaft v\u1eeba t\u0103ng h\u01b0\u01a1ng v\u1ecb, th\u00edch h\u1ee3p \u0111\u1ec3 gi\u1ea3i kh\u00e1t, b\u1ed5 sung n\u0103ng l\u01b0\u1ee3ng v\u00e0 vitamin m\u1ed7i ng\u00e0y.\",\"breadcrumb\":{\"@id\":\"https:\\\/\\\/ancomnha.io.vn\\\/index.php\\\/product\\\/sinh-to-trai-cay\\\/#breadcrumb\"},\"inLanguage\":\"vi\",\"potentialAction\":[{\"@type\":\"ReadAction\",\"target\":[\"https:\\\/\\\/ancomnha.io.vn\\\/index.php\\\/product\\\/sinh-to-trai-cay\\\/\"]}]},{\"@type\":\"ImageObject\",\"inLanguage\":\"vi\",\"@id\":\"https:\\\/\\\/ancomnha.io.vn\\\/index.php\\\/product\\\/sinh-to-trai-cay\\\/#primaryimage\",\"url\":\"https:\\\/\\\/ancomnha.io.vn\\\/wp-content\\\/uploads\\\/2026\\\/02\\\/6ff1729c-9732-4929-abc1-292e614cbb1e.png\",\"contentUrl\":\"https:\\\/\\\/ancomnha.io.vn\\\/wp-content\\\/uploads\\\/2026\\\/02\\\/6ff1729c-9732-4929-abc1-292e614cbb1e.png\",\"width\":1024,\"height\":1536},{\"@type\":\"BreadcrumbList\",\"@id\":\"https:\\\/\\\/ancomnha.io.vn\\\/index.php\\\/product\\\/sinh-to-trai-cay\\\/#breadcrumb\",\"itemListElement\":[{\"@type\":\"ListItem\",\"position\":1,\"name\":\"Home\",\"item\":\"https:\\\/\\\/ancomnha.io.vn\\\/\"},{\"@type\":\"ListItem\",\"position\":2,\"name\":\"Shop\",\"item\":\"https:\\\/\\\/ancomnha.io.vn\\\/index.php\\\/shop\\\/\"},{\"@type\":\"ListItem\",\"position\":3,\"name\":\"Sinh t\u1ed1 tr\u00e1i c\u00e2y\"}]},{\"@type\":\"WebSite\",\"@id\":\"https:\\\/\\\/ancomnha.io.vn\\\/#website\",\"url\":\"https:\\\/\\\/ancomnha.io.vn\\\/\",\"name\":\"\u0102n C\u01a1m Nh\u00e1\",\"description\":\"\",\"publisher\":{\"@id\":\"https:\\\/\\\/ancomnha.io.vn\\\/#organization\"},\"potentialAction\":[{\"@type\":\"SearchAction\",\"target\":{\"@type\":\"EntryPoint\",\"urlTemplate\":\"https:\\\/\\\/ancomnha.io.vn\\\/?s={search_term_string}\"},\"query-input\":{\"@type\":\"PropertyValueSpecification\",\"valueRequired\":true,\"valueName\":\"search_term_string\"}}],\"inLanguage\":\"vi\"},{\"@type\":\"Organization\",\"@id\":\"https:\\\/\\\/ancomnha.io.vn\\\/#organization\",\"name\":\"\u0102n C\u01a1m Nh\u00e1\",\"url\":\"https:\\\/\\\/ancomnha.io.vn\\\/\",\"logo\":{\"@type\":\"ImageObject\",\"inLanguage\":\"vi\",\"@id\":\"https:\\\/\\\/ancomnha.io.vn\\\/#\\\/schema\\\/logo\\\/image\\\/\",\"url\":\"https:\\\/\\\/ancomnha.io.vn\\\/wp-content\\\/uploads\\\/2026\\\/01\\\/cropped-logo-ancomnha-1.jpg\",\"contentUrl\":\"https:\\\/\\\/ancomnha.io.vn\\\/wp-content\\\/uploads\\\/2026\\\/01\\\/cropped-logo-ancomnha-1.jpg\",\"width\":200,\"height\":200,\"caption\":\"\u0102n C\u01a1m Nh\u00e1\"},\"image\":{\"@id\":\"https:\\\/\\\/ancomnha.io.vn\\\/#\\\/schema\\\/logo\\\/image\\\/\"}}]}<\/script>\n<!-- \/ Yoast SEO plugin. -->","yoast_head_json":{"title":"Sinh t\u1ed1 tr\u00e1i c\u00e2y - \u0102n C\u01a1m Nh\u00e1","description":"Ly n\u01b0\u1edbc sinh t\u1ed1 c\u00f3 m\u00e0u s\u1eafc t\u01b0\u01a1i m\u00e1t, s\u00e1nh m\u1ecbn v\u00e0 m\u00e1t l\u1ea1nh, \u0111\u01b0\u1ee3c xay t\u1eeb tr\u00e1i c\u00e2y t\u01b0\u01a1i n\u00ean gi\u1eef tr\u1ecdn v\u1ecb ng\u1ecdt t\u1ef1 nhi\u00ean. Khi u\u1ed1ng c\u00f3 c\u1ea3m gi\u00e1c b\u00e9o nh\u1eb9, th\u01a1m tr\u00e1i c\u00e2y, kh\u00f4ng qu\u00e1 g\u1eaft, r\u1ea5t d\u1ec5 u\u1ed1ng. Sinh t\u1ed1 th\u01b0\u1eddng \u0111\u01b0\u1ee3c trang tr\u00ed th\u00eam tr\u00e1i c\u00e2y c\u1eaft l\u00e1t v\u00e0 l\u00e1 b\u1ea1c h\u00e0, v\u1eeba \u0111\u1eb9p m\u1eaft v\u1eeba t\u0103ng h\u01b0\u01a1ng v\u1ecb, th\u00edch h\u1ee3p \u0111\u1ec3 gi\u1ea3i kh\u00e1t, b\u1ed5 sung n\u0103ng l\u01b0\u1ee3ng v\u00e0 vitamin m\u1ed7i ng\u00e0y.","robots":{"index":"index","follow":"follow","max-snippet":"max-snippet:-1","max-image-preview":"max-image-preview:large","max-video-preview":"max-video-preview:-1"},"canonical":"https:\/\/ancomnha.io.vn\/index.php\/product\/sinh-to-trai-cay\/","og_locale":"vi_VN","og_type":"article","og_title":"Sinh t\u1ed1 tr\u00e1i c\u00e2y - \u0102n C\u01a1m Nh\u00e1","og_description":"Ly n\u01b0\u1edbc sinh t\u1ed1 c\u00f3 m\u00e0u s\u1eafc t\u01b0\u01a1i m\u00e1t, s\u00e1nh m\u1ecbn v\u00e0 m\u00e1t l\u1ea1nh, \u0111\u01b0\u1ee3c xay t\u1eeb tr\u00e1i c\u00e2y t\u01b0\u01a1i n\u00ean gi\u1eef tr\u1ecdn v\u1ecb ng\u1ecdt t\u1ef1 nhi\u00ean. Khi u\u1ed1ng c\u00f3 c\u1ea3m gi\u00e1c b\u00e9o nh\u1eb9, th\u01a1m tr\u00e1i c\u00e2y, kh\u00f4ng qu\u00e1 g\u1eaft, r\u1ea5t d\u1ec5 u\u1ed1ng. Sinh t\u1ed1 th\u01b0\u1eddng \u0111\u01b0\u1ee3c trang tr\u00ed th\u00eam tr\u00e1i c\u00e2y c\u1eaft l\u00e1t v\u00e0 l\u00e1 b\u1ea1c h\u00e0, v\u1eeba \u0111\u1eb9p m\u1eaft v\u1eeba t\u0103ng h\u01b0\u01a1ng v\u1ecb, th\u00edch h\u1ee3p \u0111\u1ec3 gi\u1ea3i kh\u00e1t, b\u1ed5 sung n\u0103ng l\u01b0\u1ee3ng v\u00e0 vitamin m\u1ed7i ng\u00e0y.","og_url":"https:\/\/ancomnha.io.vn\/index.php\/product\/sinh-to-trai-cay\/","og_site_name":"\u0102n C\u01a1m Nh\u00e1","og_image":[{"width":683,"height":1024,"url":"https:\/\/ancomnha.io.vn\/wp-content\/uploads\/2026\/02\/6ff1729c-9732-4929-abc1-292e614cbb1e-683x1024.png","type":"image\/png"}],"twitter_card":"summary_large_image","twitter_misc":{"\u01af\u1edbc t\u00ednh th\u1eddi gian \u0111\u1ecdc":"1 ph\u00fat"},"schema":{"@context":"https:\/\/schema.org","@graph":[{"@type":"WebPage","@id":"https:\/\/ancomnha.io.vn\/index.php\/product\/sinh-to-trai-cay\/","url":"https:\/\/ancomnha.io.vn\/index.php\/product\/sinh-to-trai-cay\/","name":"Sinh t\u1ed1 tr\u00e1i c\u00e2y - \u0102n C\u01a1m Nh\u00e1","isPartOf":{"@id":"https:\/\/ancomnha.io.vn\/#website"},"primaryImageOfPage":{"@id":"https:\/\/ancomnha.io.vn\/index.php\/product\/sinh-to-trai-cay\/#primaryimage"},"image":{"@id":"https:\/\/ancomnha.io.vn\/index.php\/product\/sinh-to-trai-cay\/#primaryimage"},"thumbnailUrl":"https:\/\/ancomnha.io.vn\/wp-content\/uploads\/2026\/02\/6ff1729c-9732-4929-abc1-292e614cbb1e.png","datePublished":"2026-02-07T07:10:52+00:00","description":"Ly n\u01b0\u1edbc sinh t\u1ed1 c\u00f3 m\u00e0u s\u1eafc t\u01b0\u01a1i m\u00e1t, s\u00e1nh m\u1ecbn v\u00e0 m\u00e1t l\u1ea1nh, \u0111\u01b0\u1ee3c xay t\u1eeb tr\u00e1i c\u00e2y t\u01b0\u01a1i n\u00ean gi\u1eef tr\u1ecdn v\u1ecb ng\u1ecdt t\u1ef1 nhi\u00ean. Khi u\u1ed1ng c\u00f3 c\u1ea3m gi\u00e1c b\u00e9o nh\u1eb9, th\u01a1m tr\u00e1i c\u00e2y, kh\u00f4ng qu\u00e1 g\u1eaft, r\u1ea5t d\u1ec5 u\u1ed1ng. Sinh t\u1ed1 th\u01b0\u1eddng \u0111\u01b0\u1ee3c trang tr\u00ed th\u00eam tr\u00e1i c\u00e2y c\u1eaft l\u00e1t v\u00e0 l\u00e1 b\u1ea1c h\u00e0, v\u1eeba \u0111\u1eb9p m\u1eaft v\u1eeba t\u0103ng h\u01b0\u01a1ng v\u1ecb, th\u00edch h\u1ee3p \u0111\u1ec3 gi\u1ea3i kh\u00e1t, b\u1ed5 sung n\u0103ng l\u01b0\u1ee3ng v\u00e0 vitamin m\u1ed7i ng\u00e0y.","breadcrumb":{"@id":"https:\/\/ancomnha.io.vn\/index.php\/product\/sinh-to-trai-cay\/#breadcrumb"},"inLanguage":"vi","potentialAction":[{"@type":"ReadAction","target":["https:\/\/ancomnha.io.vn\/index.php\/product\/sinh-to-trai-cay\/"]}]},{"@type":"ImageObject","inLanguage":"vi","@id":"https:\/\/ancomnha.io.vn\/index.php\/product\/sinh-to-trai-cay\/#primaryimage","url":"https:\/\/ancomnha.io.vn\/wp-content\/uploads\/2026\/02\/6ff1729c-9732-4929-abc1-292e614cbb1e.png","contentUrl":"https:\/\/ancomnha.io.vn\/wp-content\/uploads\/2026\/02\/6ff1729c-9732-4929-abc1-292e614cbb1e.png","width":1024,"height":1536},{"@type":"BreadcrumbList","@id":"https:\/\/ancomnha.io.vn\/index.php\/product\/sinh-to-trai-cay\/#breadcrumb","itemListElement":[{"@type":"ListItem","position":1,"name":"Home","item":"https:\/\/ancomnha.io.vn\/"},{"@type":"ListItem","position":2,"name":"Shop","item":"https:\/\/ancomnha.io.vn\/index.php\/shop\/"},{"@type":"ListItem","position":3,"name":"Sinh t\u1ed1 tr\u00e1i c\u00e2y"}]},{"@type":"WebSite","@id":"https:\/\/ancomnha.io.vn\/#website","url":"https:\/\/ancomnha.io.vn\/","name":"\u0102n C\u01a1m Nh\u00e1","description":"","publisher":{"@id":"https:\/\/ancomnha.io.vn\/#organization"},"potentialAction":[{"@type":"SearchAction","target":{"@type":"EntryPoint","urlTemplate":"https:\/\/ancomnha.io.vn\/?s={search_term_string}"},"query-input":{"@type":"PropertyValueSpecification","valueRequired":true,"valueName":"search_term_string"}}],"inLanguage":"vi"},{"@type":"Organization","@id":"https:\/\/ancomnha.io.vn\/#organization","name":"\u0102n C\u01a1m Nh\u00e1","url":"https:\/\/ancomnha.io.vn\/","logo":{"@type":"ImageObject","inLanguage":"vi","@id":"https:\/\/ancomnha.io.vn\/#\/schema\/logo\/image\/","url":"https:\/\/ancomnha.io.vn\/wp-content\/uploads\/2026\/01\/cropped-logo-ancomnha-1.jpg","contentUrl":"https:\/\/ancomnha.io.vn\/wp-content\/uploads\/2026\/01\/cropped-logo-ancomnha-1.jpg","width":200,"height":200,"caption":"\u0102n C\u01a1m Nh\u00e1"},"image":{"@id":"https:\/\/ancomnha.io.vn\/#\/schema\/logo\/image\/"}}]}},"jetpack_sharing_enabled":true,"_links":{"self":[{"href":"https:\/\/ancomnha.io.vn\/index.php\/wp-json\/wp\/v2\/product\/212","targetHints":{"allow":["GET"]}}],"collection":[{"href":"https:\/\/ancomnha.io.vn\/index.php\/wp-json\/wp\/v2\/product"}],"about":[{"href":"https:\/\/ancomnha.io.vn\/index.php\/wp-json\/wp\/v2\/types\/product"}],"replies":[{"embeddable":true,"href":"https:\/\/ancomnha.io.vn\/index.php\/wp-json\/wp\/v2\/comments?post=212"}],"wp:featuredmedia":[{"embeddable":true,"href":"https:\/\/ancomnha.io.vn\/index.php\/wp-json\/wp\/v2\/media\/216"}],"wp:attachment":[{"href":"https:\/\/ancomnha.io.vn\/index.php\/wp-json\/wp\/v2\/media?parent=212"}],"wp:term":[{"taxonomy":"product_brand","embeddable":true,"href":"https:\/\/ancomnha.io.vn\/index.php\/wp-json\/wp\/v2\/product_brand?post=212"},{"taxonomy":"product_cat","embeddable":true,"href":"https:\/\/ancomnha.io.vn\/index.php\/wp-json\/wp\/v2\/product_cat?post=212"},{"taxonomy":"product_tag","embeddable":true,"href":"https:\/\/ancomnha.io.vn\/index.php\/wp-json\/wp\/v2\/product_tag?post=212"}],"curies":[{"name":"wp","href":"https:\/\/api.w.org\/{rel}","templated":true}]}}