{"id":164,"date":"2026-02-03T14:58:06","date_gmt":"2026-02-03T14:58:06","guid":{"rendered":"https:\/\/ancomnha.io.vn\/?post_type=product&#038;p=164"},"modified":"2026-02-03T14:58:06","modified_gmt":"2026-02-03T14:58:06","slug":"ca-sot-ca-chua","status":"publish","type":"product","link":"https:\/\/ancomnha.io.vn\/index.php\/product\/ca-sot-ca-chua\/","title":{"rendered":"C\u00e1 s\u1ed1t c\u00e0 chua"},"content":{"rendered":"<p>C\u00e1 s\u1ed1t c\u00e0 chua l\u00e0 m\u00f3n \u0103n d\u1ec5 \u0103n v\u1edbi c\u00e1 \u0111\u01b0\u1ee3c chi\u00ean ho\u1eb7c rim s\u01a1, sau \u0111\u00f3 n\u1ea5u c\u00f9ng s\u1ed1t c\u00e0 chua \u0111\u1ecf s\u00e1nh. Th\u1ecbt c\u00e1 m\u1ec1m, ng\u1ecdt t\u1ef1 nhi\u00ean h\u00f2a quy\u1ec7n v\u1edbi v\u1ecb chua nh\u1eb9 c\u1ee7a c\u00e0 chua v\u00e0 gia v\u1ecb m\u1eb7n ng\u1ecdt v\u1eeba mi\u1ec7ng. M\u00f3n n\u00e0y c\u00f3 m\u00e0u s\u1eafc h\u1ea5p d\u1eabn, \u0103n k\u00e8m c\u01a1m n\u00f3ng r\u1ea5t ngon v\u00e0 kh\u00f4ng ng\u00e1n.<\/p>\n","protected":false},"excerpt":{"rendered":"<p>C\u00e1 s\u1ed1t c\u00e0 chua l\u00e0 m\u00f3n \u0103n d\u1ec5 \u0103n v\u1edbi c\u00e1 \u0111\u01b0\u1ee3c chi\u00ean ho\u1eb7c rim s\u01a1, sau \u0111\u00f3 n\u1ea5u c\u00f9ng s\u1ed1t c\u00e0 chua \u0111\u1ecf s\u00e1nh. Th\u1ecbt c\u00e1 m\u1ec1m, ng\u1ecdt t\u1ef1 nhi\u00ean h\u00f2a quy\u1ec7n v\u1edbi v\u1ecb chua nh\u1eb9 c\u1ee7a c\u00e0 chua v\u00e0 gia v\u1ecb m\u1eb7n ng\u1ecdt v\u1eeba mi\u1ec7ng. M\u00f3n n\u00e0y c\u00f3 m\u00e0u s\u1eafc h\u1ea5p d\u1eabn, \u0103n k\u00e8m c\u01a1m n\u00f3ng r\u1ea5t ngon v\u00e0 kh\u00f4ng ng\u00e1n.<\/p>\n","protected":false},"featured_media":165,"comment_status":"open","ping_status":"closed","template":"","meta":{"_regular_price":["300000"],"currency_symbol":[]},"product_brand":[],"product_cat":[17],"product_tag":[],"class_list":{"0":"post-164","1":"product","2":"type-product","3":"status-publish","4":"has-post-thumbnail","6":"product_cat-uncategorized","8":"first","9":"instock","10":"sale","11":"taxable","12":"shipping-taxable","13":"purchasable","14":"product-type-simple"},"post_slider_layout_featured_media_urls":{"thumbnail":["https:\/\/ancomnha.io.vn\/wp-content\/uploads\/2026\/02\/z7463190841250_3341791c5b60991632a8a12bf72f97c0-150x124.jpg",150,124,true],"post_slider_layout_landscape_large":["https:\/\/ancomnha.io.vn\/wp-content\/uploads\/2026\/02\/z7463190841250_3341791c5b60991632a8a12bf72f97c0.jpg",192,124,false],"post_slider_layout_portrait_large":["https:\/\/ancomnha.io.vn\/wp-content\/uploads\/2026\/02\/z7463190841250_3341791c5b60991632a8a12bf72f97c0.jpg",192,124,false],"post_slider_layout_square_large":["https:\/\/ancomnha.io.vn\/wp-content\/uploads\/2026\/02\/z7463190841250_3341791c5b60991632a8a12bf72f97c0.jpg",192,124,false],"post_slider_layout_landscape":["https:\/\/ancomnha.io.vn\/wp-content\/uploads\/2026\/02\/z7463190841250_3341791c5b60991632a8a12bf72f97c0.jpg",192,124,false],"post_slider_layout_portrait":["https:\/\/ancomnha.io.vn\/wp-content\/uploads\/2026\/02\/z7463190841250_3341791c5b60991632a8a12bf72f97c0.jpg",192,124,false],"post_slider_layout_square":["https:\/\/ancomnha.io.vn\/wp-content\/uploads\/2026\/02\/z7463190841250_3341791c5b60991632a8a12bf72f97c0.jpg",192,124,false],"full":["https:\/\/ancomnha.io.vn\/wp-content\/uploads\/2026\/02\/z7463190841250_3341791c5b60991632a8a12bf72f97c0.jpg",192,124,false]},"yoast_head":"<!-- This site is optimized with the Yoast SEO plugin v27.5 - https:\/\/yoast.com\/product\/yoast-seo-wordpress\/ -->\n<title>C\u00e1 s\u1ed1t c\u00e0 chua - \u0102n C\u01a1m Nh\u00e1<\/title>\n<meta name=\"description\" content=\"C\u00e1 s\u1ed1t c\u00e0 chua l\u00e0 m\u00f3n \u0103n d\u1ec5 \u0103n v\u1edbi c\u00e1 \u0111\u01b0\u1ee3c chi\u00ean ho\u1eb7c rim s\u01a1, sau \u0111\u00f3 n\u1ea5u c\u00f9ng s\u1ed1t c\u00e0 chua \u0111\u1ecf s\u00e1nh. Th\u1ecbt c\u00e1 m\u1ec1m, ng\u1ecdt t\u1ef1 nhi\u00ean h\u00f2a quy\u1ec7n v\u1edbi v\u1ecb chua nh\u1eb9 c\u1ee7a c\u00e0 chua v\u00e0 gia v\u1ecb m\u1eb7n ng\u1ecdt v\u1eeba mi\u1ec7ng. M\u00f3n n\u00e0y c\u00f3 m\u00e0u s\u1eafc h\u1ea5p d\u1eabn, \u0103n k\u00e8m c\u01a1m n\u00f3ng r\u1ea5t ngon v\u00e0 kh\u00f4ng ng\u00e1n.\" \/>\n<meta name=\"robots\" content=\"index, follow, max-snippet:-1, max-image-preview:large, max-video-preview:-1\" \/>\n<link rel=\"canonical\" href=\"https:\/\/ancomnha.io.vn\/index.php\/product\/ca-sot-ca-chua\/\" \/>\n<meta property=\"og:locale\" content=\"vi_VN\" \/>\n<meta property=\"og:type\" content=\"article\" \/>\n<meta property=\"og:title\" content=\"C\u00e1 s\u1ed1t c\u00e0 chua - \u0102n C\u01a1m Nh\u00e1\" \/>\n<meta property=\"og:description\" content=\"C\u00e1 s\u1ed1t c\u00e0 chua l\u00e0 m\u00f3n \u0103n d\u1ec5 \u0103n v\u1edbi c\u00e1 \u0111\u01b0\u1ee3c chi\u00ean ho\u1eb7c rim s\u01a1, sau \u0111\u00f3 n\u1ea5u c\u00f9ng s\u1ed1t c\u00e0 chua \u0111\u1ecf s\u00e1nh. Th\u1ecbt c\u00e1 m\u1ec1m, ng\u1ecdt t\u1ef1 nhi\u00ean h\u00f2a quy\u1ec7n v\u1edbi v\u1ecb chua nh\u1eb9 c\u1ee7a c\u00e0 chua v\u00e0 gia v\u1ecb m\u1eb7n ng\u1ecdt v\u1eeba mi\u1ec7ng. M\u00f3n n\u00e0y c\u00f3 m\u00e0u s\u1eafc h\u1ea5p d\u1eabn, \u0103n k\u00e8m c\u01a1m n\u00f3ng r\u1ea5t ngon v\u00e0 kh\u00f4ng ng\u00e1n.\" \/>\n<meta property=\"og:url\" content=\"https:\/\/ancomnha.io.vn\/index.php\/product\/ca-sot-ca-chua\/\" \/>\n<meta property=\"og:site_name\" content=\"\u0102n C\u01a1m Nh\u00e1\" \/>\n<meta property=\"og:image\" content=\"https:\/\/ancomnha.io.vn\/wp-content\/uploads\/2026\/02\/z7463190841250_3341791c5b60991632a8a12bf72f97c0.jpg\" \/>\n\t<meta property=\"og:image:width\" content=\"192\" \/>\n\t<meta property=\"og:image:height\" content=\"124\" \/>\n\t<meta property=\"og:image:type\" content=\"image\/jpeg\" \/>\n<meta name=\"twitter:card\" content=\"summary_large_image\" \/>\n<meta name=\"twitter:label1\" content=\"\u01af\u1edbc t\u00ednh th\u1eddi gian \u0111\u1ecdc\" \/>\n\t<meta name=\"twitter:data1\" content=\"1 ph\u00fat\" \/>\n<script type=\"application\/ld+json\" class=\"yoast-schema-graph\">{\"@context\":\"https:\\\/\\\/schema.org\",\"@graph\":[{\"@type\":\"WebPage\",\"@id\":\"https:\\\/\\\/ancomnha.io.vn\\\/index.php\\\/product\\\/ca-sot-ca-chua\\\/\",\"url\":\"https:\\\/\\\/ancomnha.io.vn\\\/index.php\\\/product\\\/ca-sot-ca-chua\\\/\",\"name\":\"C\u00e1 s\u1ed1t c\u00e0 chua - \u0102n C\u01a1m Nh\u00e1\",\"isPartOf\":{\"@id\":\"https:\\\/\\\/ancomnha.io.vn\\\/#website\"},\"primaryImageOfPage\":{\"@id\":\"https:\\\/\\\/ancomnha.io.vn\\\/index.php\\\/product\\\/ca-sot-ca-chua\\\/#primaryimage\"},\"image\":{\"@id\":\"https:\\\/\\\/ancomnha.io.vn\\\/index.php\\\/product\\\/ca-sot-ca-chua\\\/#primaryimage\"},\"thumbnailUrl\":\"https:\\\/\\\/ancomnha.io.vn\\\/wp-content\\\/uploads\\\/2026\\\/02\\\/z7463190841250_3341791c5b60991632a8a12bf72f97c0.jpg\",\"datePublished\":\"2026-02-03T14:58:06+00:00\",\"description\":\"C\u00e1 s\u1ed1t c\u00e0 chua l\u00e0 m\u00f3n \u0103n d\u1ec5 \u0103n v\u1edbi c\u00e1 \u0111\u01b0\u1ee3c chi\u00ean ho\u1eb7c rim s\u01a1, sau \u0111\u00f3 n\u1ea5u c\u00f9ng s\u1ed1t c\u00e0 chua \u0111\u1ecf s\u00e1nh. Th\u1ecbt c\u00e1 m\u1ec1m, ng\u1ecdt t\u1ef1 nhi\u00ean h\u00f2a quy\u1ec7n v\u1edbi v\u1ecb chua nh\u1eb9 c\u1ee7a c\u00e0 chua v\u00e0 gia v\u1ecb m\u1eb7n ng\u1ecdt v\u1eeba mi\u1ec7ng. M\u00f3n n\u00e0y c\u00f3 m\u00e0u s\u1eafc h\u1ea5p d\u1eabn, \u0103n k\u00e8m c\u01a1m n\u00f3ng r\u1ea5t ngon v\u00e0 kh\u00f4ng ng\u00e1n.\",\"breadcrumb\":{\"@id\":\"https:\\\/\\\/ancomnha.io.vn\\\/index.php\\\/product\\\/ca-sot-ca-chua\\\/#breadcrumb\"},\"inLanguage\":\"vi\",\"potentialAction\":[{\"@type\":\"ReadAction\",\"target\":[\"https:\\\/\\\/ancomnha.io.vn\\\/index.php\\\/product\\\/ca-sot-ca-chua\\\/\"]}]},{\"@type\":\"ImageObject\",\"inLanguage\":\"vi\",\"@id\":\"https:\\\/\\\/ancomnha.io.vn\\\/index.php\\\/product\\\/ca-sot-ca-chua\\\/#primaryimage\",\"url\":\"https:\\\/\\\/ancomnha.io.vn\\\/wp-content\\\/uploads\\\/2026\\\/02\\\/z7463190841250_3341791c5b60991632a8a12bf72f97c0.jpg\",\"contentUrl\":\"https:\\\/\\\/ancomnha.io.vn\\\/wp-content\\\/uploads\\\/2026\\\/02\\\/z7463190841250_3341791c5b60991632a8a12bf72f97c0.jpg\",\"width\":192,\"height\":124},{\"@type\":\"BreadcrumbList\",\"@id\":\"https:\\\/\\\/ancomnha.io.vn\\\/index.php\\\/product\\\/ca-sot-ca-chua\\\/#breadcrumb\",\"itemListElement\":[{\"@type\":\"ListItem\",\"position\":1,\"name\":\"Home\",\"item\":\"https:\\\/\\\/ancomnha.io.vn\\\/\"},{\"@type\":\"ListItem\",\"position\":2,\"name\":\"Shop\",\"item\":\"https:\\\/\\\/ancomnha.io.vn\\\/index.php\\\/shop\\\/\"},{\"@type\":\"ListItem\",\"position\":3,\"name\":\"C\u00e1 s\u1ed1t c\u00e0 chua\"}]},{\"@type\":\"WebSite\",\"@id\":\"https:\\\/\\\/ancomnha.io.vn\\\/#website\",\"url\":\"https:\\\/\\\/ancomnha.io.vn\\\/\",\"name\":\"\u0102n C\u01a1m Nh\u00e1\",\"description\":\"\",\"publisher\":{\"@id\":\"https:\\\/\\\/ancomnha.io.vn\\\/#organization\"},\"potentialAction\":[{\"@type\":\"SearchAction\",\"target\":{\"@type\":\"EntryPoint\",\"urlTemplate\":\"https:\\\/\\\/ancomnha.io.vn\\\/?s={search_term_string}\"},\"query-input\":{\"@type\":\"PropertyValueSpecification\",\"valueRequired\":true,\"valueName\":\"search_term_string\"}}],\"inLanguage\":\"vi\"},{\"@type\":\"Organization\",\"@id\":\"https:\\\/\\\/ancomnha.io.vn\\\/#organization\",\"name\":\"\u0102n C\u01a1m Nh\u00e1\",\"url\":\"https:\\\/\\\/ancomnha.io.vn\\\/\",\"logo\":{\"@type\":\"ImageObject\",\"inLanguage\":\"vi\",\"@id\":\"https:\\\/\\\/ancomnha.io.vn\\\/#\\\/schema\\\/logo\\\/image\\\/\",\"url\":\"https:\\\/\\\/ancomnha.io.vn\\\/wp-content\\\/uploads\\\/2026\\\/01\\\/cropped-logo-ancomnha-1.jpg\",\"contentUrl\":\"https:\\\/\\\/ancomnha.io.vn\\\/wp-content\\\/uploads\\\/2026\\\/01\\\/cropped-logo-ancomnha-1.jpg\",\"width\":200,\"height\":200,\"caption\":\"\u0102n C\u01a1m Nh\u00e1\"},\"image\":{\"@id\":\"https:\\\/\\\/ancomnha.io.vn\\\/#\\\/schema\\\/logo\\\/image\\\/\"}}]}<\/script>\n<!-- \/ Yoast SEO plugin. -->","yoast_head_json":{"title":"C\u00e1 s\u1ed1t c\u00e0 chua - \u0102n C\u01a1m Nh\u00e1","description":"C\u00e1 s\u1ed1t c\u00e0 chua l\u00e0 m\u00f3n \u0103n d\u1ec5 \u0103n v\u1edbi c\u00e1 \u0111\u01b0\u1ee3c chi\u00ean ho\u1eb7c rim s\u01a1, sau \u0111\u00f3 n\u1ea5u c\u00f9ng s\u1ed1t c\u00e0 chua \u0111\u1ecf s\u00e1nh. Th\u1ecbt c\u00e1 m\u1ec1m, ng\u1ecdt t\u1ef1 nhi\u00ean h\u00f2a quy\u1ec7n v\u1edbi v\u1ecb chua nh\u1eb9 c\u1ee7a c\u00e0 chua v\u00e0 gia v\u1ecb m\u1eb7n ng\u1ecdt v\u1eeba mi\u1ec7ng. M\u00f3n n\u00e0y c\u00f3 m\u00e0u s\u1eafc h\u1ea5p d\u1eabn, \u0103n k\u00e8m c\u01a1m n\u00f3ng r\u1ea5t ngon v\u00e0 kh\u00f4ng ng\u00e1n.","robots":{"index":"index","follow":"follow","max-snippet":"max-snippet:-1","max-image-preview":"max-image-preview:large","max-video-preview":"max-video-preview:-1"},"canonical":"https:\/\/ancomnha.io.vn\/index.php\/product\/ca-sot-ca-chua\/","og_locale":"vi_VN","og_type":"article","og_title":"C\u00e1 s\u1ed1t c\u00e0 chua - \u0102n C\u01a1m Nh\u00e1","og_description":"C\u00e1 s\u1ed1t c\u00e0 chua l\u00e0 m\u00f3n \u0103n d\u1ec5 \u0103n v\u1edbi c\u00e1 \u0111\u01b0\u1ee3c chi\u00ean ho\u1eb7c rim s\u01a1, sau \u0111\u00f3 n\u1ea5u c\u00f9ng s\u1ed1t c\u00e0 chua \u0111\u1ecf s\u00e1nh. Th\u1ecbt c\u00e1 m\u1ec1m, ng\u1ecdt t\u1ef1 nhi\u00ean h\u00f2a quy\u1ec7n v\u1edbi v\u1ecb chua nh\u1eb9 c\u1ee7a c\u00e0 chua v\u00e0 gia v\u1ecb m\u1eb7n ng\u1ecdt v\u1eeba mi\u1ec7ng. M\u00f3n n\u00e0y c\u00f3 m\u00e0u s\u1eafc h\u1ea5p d\u1eabn, \u0103n k\u00e8m c\u01a1m n\u00f3ng r\u1ea5t ngon v\u00e0 kh\u00f4ng ng\u00e1n.","og_url":"https:\/\/ancomnha.io.vn\/index.php\/product\/ca-sot-ca-chua\/","og_site_name":"\u0102n C\u01a1m Nh\u00e1","og_image":[{"width":192,"height":124,"url":"https:\/\/ancomnha.io.vn\/wp-content\/uploads\/2026\/02\/z7463190841250_3341791c5b60991632a8a12bf72f97c0.jpg","type":"image\/jpeg"}],"twitter_card":"summary_large_image","twitter_misc":{"\u01af\u1edbc t\u00ednh th\u1eddi gian \u0111\u1ecdc":"1 ph\u00fat"},"schema":{"@context":"https:\/\/schema.org","@graph":[{"@type":"WebPage","@id":"https:\/\/ancomnha.io.vn\/index.php\/product\/ca-sot-ca-chua\/","url":"https:\/\/ancomnha.io.vn\/index.php\/product\/ca-sot-ca-chua\/","name":"C\u00e1 s\u1ed1t c\u00e0 chua - \u0102n C\u01a1m Nh\u00e1","isPartOf":{"@id":"https:\/\/ancomnha.io.vn\/#website"},"primaryImageOfPage":{"@id":"https:\/\/ancomnha.io.vn\/index.php\/product\/ca-sot-ca-chua\/#primaryimage"},"image":{"@id":"https:\/\/ancomnha.io.vn\/index.php\/product\/ca-sot-ca-chua\/#primaryimage"},"thumbnailUrl":"https:\/\/ancomnha.io.vn\/wp-content\/uploads\/2026\/02\/z7463190841250_3341791c5b60991632a8a12bf72f97c0.jpg","datePublished":"2026-02-03T14:58:06+00:00","description":"C\u00e1 s\u1ed1t c\u00e0 chua l\u00e0 m\u00f3n \u0103n d\u1ec5 \u0103n v\u1edbi c\u00e1 \u0111\u01b0\u1ee3c chi\u00ean ho\u1eb7c rim s\u01a1, sau \u0111\u00f3 n\u1ea5u c\u00f9ng s\u1ed1t c\u00e0 chua \u0111\u1ecf s\u00e1nh. Th\u1ecbt c\u00e1 m\u1ec1m, ng\u1ecdt t\u1ef1 nhi\u00ean h\u00f2a quy\u1ec7n v\u1edbi v\u1ecb chua nh\u1eb9 c\u1ee7a c\u00e0 chua v\u00e0 gia v\u1ecb m\u1eb7n ng\u1ecdt v\u1eeba mi\u1ec7ng. M\u00f3n n\u00e0y c\u00f3 m\u00e0u s\u1eafc h\u1ea5p d\u1eabn, \u0103n k\u00e8m c\u01a1m n\u00f3ng r\u1ea5t ngon v\u00e0 kh\u00f4ng ng\u00e1n.","breadcrumb":{"@id":"https:\/\/ancomnha.io.vn\/index.php\/product\/ca-sot-ca-chua\/#breadcrumb"},"inLanguage":"vi","potentialAction":[{"@type":"ReadAction","target":["https:\/\/ancomnha.io.vn\/index.php\/product\/ca-sot-ca-chua\/"]}]},{"@type":"ImageObject","inLanguage":"vi","@id":"https:\/\/ancomnha.io.vn\/index.php\/product\/ca-sot-ca-chua\/#primaryimage","url":"https:\/\/ancomnha.io.vn\/wp-content\/uploads\/2026\/02\/z7463190841250_3341791c5b60991632a8a12bf72f97c0.jpg","contentUrl":"https:\/\/ancomnha.io.vn\/wp-content\/uploads\/2026\/02\/z7463190841250_3341791c5b60991632a8a12bf72f97c0.jpg","width":192,"height":124},{"@type":"BreadcrumbList","@id":"https:\/\/ancomnha.io.vn\/index.php\/product\/ca-sot-ca-chua\/#breadcrumb","itemListElement":[{"@type":"ListItem","position":1,"name":"Home","item":"https:\/\/ancomnha.io.vn\/"},{"@type":"ListItem","position":2,"name":"Shop","item":"https:\/\/ancomnha.io.vn\/index.php\/shop\/"},{"@type":"ListItem","position":3,"name":"C\u00e1 s\u1ed1t c\u00e0 chua"}]},{"@type":"WebSite","@id":"https:\/\/ancomnha.io.vn\/#website","url":"https:\/\/ancomnha.io.vn\/","name":"\u0102n C\u01a1m Nh\u00e1","description":"","publisher":{"@id":"https:\/\/ancomnha.io.vn\/#organization"},"potentialAction":[{"@type":"SearchAction","target":{"@type":"EntryPoint","urlTemplate":"https:\/\/ancomnha.io.vn\/?s={search_term_string}"},"query-input":{"@type":"PropertyValueSpecification","valueRequired":true,"valueName":"search_term_string"}}],"inLanguage":"vi"},{"@type":"Organization","@id":"https:\/\/ancomnha.io.vn\/#organization","name":"\u0102n C\u01a1m Nh\u00e1","url":"https:\/\/ancomnha.io.vn\/","logo":{"@type":"ImageObject","inLanguage":"vi","@id":"https:\/\/ancomnha.io.vn\/#\/schema\/logo\/image\/","url":"https:\/\/ancomnha.io.vn\/wp-content\/uploads\/2026\/01\/cropped-logo-ancomnha-1.jpg","contentUrl":"https:\/\/ancomnha.io.vn\/wp-content\/uploads\/2026\/01\/cropped-logo-ancomnha-1.jpg","width":200,"height":200,"caption":"\u0102n C\u01a1m Nh\u00e1"},"image":{"@id":"https:\/\/ancomnha.io.vn\/#\/schema\/logo\/image\/"}}]}},"jetpack_sharing_enabled":true,"_links":{"self":[{"href":"https:\/\/ancomnha.io.vn\/index.php\/wp-json\/wp\/v2\/product\/164","targetHints":{"allow":["GET"]}}],"collection":[{"href":"https:\/\/ancomnha.io.vn\/index.php\/wp-json\/wp\/v2\/product"}],"about":[{"href":"https:\/\/ancomnha.io.vn\/index.php\/wp-json\/wp\/v2\/types\/product"}],"replies":[{"embeddable":true,"href":"https:\/\/ancomnha.io.vn\/index.php\/wp-json\/wp\/v2\/comments?post=164"}],"wp:featuredmedia":[{"embeddable":true,"href":"https:\/\/ancomnha.io.vn\/index.php\/wp-json\/wp\/v2\/media\/165"}],"wp:attachment":[{"href":"https:\/\/ancomnha.io.vn\/index.php\/wp-json\/wp\/v2\/media?parent=164"}],"wp:term":[{"taxonomy":"product_brand","embeddable":true,"href":"https:\/\/ancomnha.io.vn\/index.php\/wp-json\/wp\/v2\/product_brand?post=164"},{"taxonomy":"product_cat","embeddable":true,"href":"https:\/\/ancomnha.io.vn\/index.php\/wp-json\/wp\/v2\/product_cat?post=164"},{"taxonomy":"product_tag","embeddable":true,"href":"https:\/\/ancomnha.io.vn\/index.php\/wp-json\/wp\/v2\/product_tag?post=164"}],"curies":[{"name":"wp","href":"https:\/\/api.w.org\/{rel}","templated":true}]}}