{"id":154,"date":"2026-02-03T14:34:03","date_gmt":"2026-02-03T14:34:03","guid":{"rendered":"https:\/\/ancomnha.io.vn\/?post_type=product&#038;p=154"},"modified":"2026-02-03T14:34:03","modified_gmt":"2026-02-03T14:34:03","slug":"bo-luc-lac","status":"publish","type":"product","link":"https:\/\/ancomnha.io.vn\/index.php\/product\/bo-luc-lac\/","title":{"rendered":"B\u00f2 l\u00fac l\u1eafc"},"content":{"rendered":"<p>B\u00f2 l\u00fac l\u1eafc l\u00e0 m\u00f3n \u0103n h\u1ea5p d\u1eabn v\u1edbi th\u1ecbt b\u00f2 c\u1eaft mi\u1ebfng vu\u00f4ng, \u0111\u01b0\u1ee3c x\u00e0o nhanh tr\u00ean l\u1eeda l\u1edbn n\u00ean m\u1ec1m v\u00e0 m\u1ecdng n\u01b0\u1edbc. Th\u1ecbt b\u00f2 th\u1ea5m \u0111\u1ec1u gia v\u1ecb, b\u00ean ngo\u00e0i x\u00e9m nh\u1eb9, b\u00ean trong v\u1eabn gi\u1eef \u0111\u01b0\u1ee3c v\u1ecb ng\u1ecdt t\u1ef1 nhi\u00ean. M\u00f3n \u0103n th\u01b0\u1eddng \u0103n k\u00e8m h\u00e0nh t\u00e2y, \u1edbt chu\u00f4ng v\u00e0 n\u01b0\u1edbc s\u1ed1t \u0111\u1eadm \u0111\u00e0, r\u1ea5t b\u1eaft c\u01a1m v\u00e0 d\u1ec5 g\u00e2y \u201cnghi\u1ec7n\u201d.<\/p>\n","protected":false},"excerpt":{"rendered":"<p>B\u00f2 l\u00fac l\u1eafc l\u00e0 m\u00f3n \u0103n h\u1ea5p d\u1eabn v\u1edbi th\u1ecbt b\u00f2 c\u1eaft mi\u1ebfng vu\u00f4ng, \u0111\u01b0\u1ee3c x\u00e0o nhanh tr\u00ean l\u1eeda l\u1edbn n\u00ean m\u1ec1m v\u00e0 m\u1ecdng n\u01b0\u1edbc. Th\u1ecbt b\u00f2 th\u1ea5m \u0111\u1ec1u gia v\u1ecb, b\u00ean ngo\u00e0i x\u00e9m nh\u1eb9, b\u00ean trong v\u1eabn gi\u1eef \u0111\u01b0\u1ee3c v\u1ecb ng\u1ecdt t\u1ef1 nhi\u00ean. M\u00f3n \u0103n th\u01b0\u1eddng \u0103n k\u00e8m h\u00e0nh t\u00e2y, \u1edbt chu\u00f4ng v\u00e0 n\u01b0\u1edbc s\u1ed1t \u0111\u1eadm \u0111\u00e0, r\u1ea5t b\u1eaft c\u01a1m v\u00e0 d\u1ec5 g\u00e2y \u201cnghi\u1ec7n\u201d.<\/p>\n","protected":false},"featured_media":155,"comment_status":"open","ping_status":"closed","template":"","meta":{"_regular_price":["200000"],"currency_symbol":[]},"product_brand":[],"product_cat":[17],"product_tag":[],"class_list":{"0":"post-154","1":"product","2":"type-product","3":"status-publish","4":"has-post-thumbnail","6":"product_cat-uncategorized","8":"first","9":"instock","10":"sale","11":"taxable","12":"shipping-taxable","13":"purchasable","14":"product-type-simple"},"post_slider_layout_featured_media_urls":{"thumbnail":["https:\/\/ancomnha.io.vn\/wp-content\/uploads\/2026\/02\/z7463191390469_dc03ea82af34879efbd93099bf933a29-150x128.jpg",150,128,true],"post_slider_layout_landscape_large":["https:\/\/ancomnha.io.vn\/wp-content\/uploads\/2026\/02\/z7463191390469_dc03ea82af34879efbd93099bf933a29.jpg",194,128,false],"post_slider_layout_portrait_large":["https:\/\/ancomnha.io.vn\/wp-content\/uploads\/2026\/02\/z7463191390469_dc03ea82af34879efbd93099bf933a29.jpg",194,128,false],"post_slider_layout_square_large":["https:\/\/ancomnha.io.vn\/wp-content\/uploads\/2026\/02\/z7463191390469_dc03ea82af34879efbd93099bf933a29.jpg",194,128,false],"post_slider_layout_landscape":["https:\/\/ancomnha.io.vn\/wp-content\/uploads\/2026\/02\/z7463191390469_dc03ea82af34879efbd93099bf933a29.jpg",194,128,false],"post_slider_layout_portrait":["https:\/\/ancomnha.io.vn\/wp-content\/uploads\/2026\/02\/z7463191390469_dc03ea82af34879efbd93099bf933a29.jpg",194,128,false],"post_slider_layout_square":["https:\/\/ancomnha.io.vn\/wp-content\/uploads\/2026\/02\/z7463191390469_dc03ea82af34879efbd93099bf933a29.jpg",194,128,false],"full":["https:\/\/ancomnha.io.vn\/wp-content\/uploads\/2026\/02\/z7463191390469_dc03ea82af34879efbd93099bf933a29.jpg",194,128,false]},"yoast_head":"<!-- This site is optimized with the Yoast SEO plugin v27.5 - https:\/\/yoast.com\/product\/yoast-seo-wordpress\/ -->\n<title>B\u00f2 l\u00fac l\u1eafc - \u0102n C\u01a1m Nh\u00e1<\/title>\n<meta name=\"description\" content=\"B\u00f2 l\u00fac l\u1eafc l\u00e0 m\u00f3n \u0103n h\u1ea5p d\u1eabn v\u1edbi th\u1ecbt b\u00f2 c\u1eaft mi\u1ebfng vu\u00f4ng, \u0111\u01b0\u1ee3c x\u00e0o nhanh tr\u00ean l\u1eeda l\u1edbn n\u00ean m\u1ec1m v\u00e0 m\u1ecdng n\u01b0\u1edbc. Th\u1ecbt b\u00f2 th\u1ea5m \u0111\u1ec1u gia v\u1ecb, b\u00ean ngo\u00e0i x\u00e9m nh\u1eb9, b\u00ean trong v\u1eabn gi\u1eef \u0111\u01b0\u1ee3c v\u1ecb ng\u1ecdt t\u1ef1 nhi\u00ean. M\u00f3n \u0103n th\u01b0\u1eddng \u0103n k\u00e8m h\u00e0nh t\u00e2y, \u1edbt chu\u00f4ng v\u00e0 n\u01b0\u1edbc s\u1ed1t \u0111\u1eadm \u0111\u00e0, r\u1ea5t b\u1eaft c\u01a1m v\u00e0 d\u1ec5 g\u00e2y \u201cnghi\u1ec7n\u201d.\" \/>\n<meta name=\"robots\" content=\"index, follow, max-snippet:-1, max-image-preview:large, max-video-preview:-1\" \/>\n<link rel=\"canonical\" href=\"https:\/\/ancomnha.io.vn\/index.php\/product\/bo-luc-lac\/\" \/>\n<meta property=\"og:locale\" content=\"vi_VN\" \/>\n<meta property=\"og:type\" content=\"article\" \/>\n<meta property=\"og:title\" content=\"B\u00f2 l\u00fac l\u1eafc - \u0102n C\u01a1m Nh\u00e1\" \/>\n<meta property=\"og:description\" content=\"B\u00f2 l\u00fac l\u1eafc l\u00e0 m\u00f3n \u0103n h\u1ea5p d\u1eabn v\u1edbi th\u1ecbt b\u00f2 c\u1eaft mi\u1ebfng vu\u00f4ng, \u0111\u01b0\u1ee3c x\u00e0o nhanh tr\u00ean l\u1eeda l\u1edbn n\u00ean m\u1ec1m v\u00e0 m\u1ecdng n\u01b0\u1edbc. Th\u1ecbt b\u00f2 th\u1ea5m \u0111\u1ec1u gia v\u1ecb, b\u00ean ngo\u00e0i x\u00e9m nh\u1eb9, b\u00ean trong v\u1eabn gi\u1eef \u0111\u01b0\u1ee3c v\u1ecb ng\u1ecdt t\u1ef1 nhi\u00ean. M\u00f3n \u0103n th\u01b0\u1eddng \u0103n k\u00e8m h\u00e0nh t\u00e2y, \u1edbt chu\u00f4ng v\u00e0 n\u01b0\u1edbc s\u1ed1t \u0111\u1eadm \u0111\u00e0, r\u1ea5t b\u1eaft c\u01a1m v\u00e0 d\u1ec5 g\u00e2y \u201cnghi\u1ec7n\u201d.\" \/>\n<meta property=\"og:url\" content=\"https:\/\/ancomnha.io.vn\/index.php\/product\/bo-luc-lac\/\" \/>\n<meta property=\"og:site_name\" content=\"\u0102n C\u01a1m Nh\u00e1\" \/>\n<meta property=\"og:image\" content=\"https:\/\/ancomnha.io.vn\/wp-content\/uploads\/2026\/02\/z7463191390469_dc03ea82af34879efbd93099bf933a29.jpg\" \/>\n\t<meta property=\"og:image:width\" content=\"194\" \/>\n\t<meta property=\"og:image:height\" content=\"128\" \/>\n\t<meta property=\"og:image:type\" content=\"image\/jpeg\" \/>\n<meta name=\"twitter:card\" content=\"summary_large_image\" \/>\n<meta name=\"twitter:label1\" content=\"\u01af\u1edbc t\u00ednh th\u1eddi gian \u0111\u1ecdc\" \/>\n\t<meta name=\"twitter:data1\" content=\"1 ph\u00fat\" \/>\n<script type=\"application\/ld+json\" class=\"yoast-schema-graph\">{\"@context\":\"https:\\\/\\\/schema.org\",\"@graph\":[{\"@type\":\"WebPage\",\"@id\":\"https:\\\/\\\/ancomnha.io.vn\\\/index.php\\\/product\\\/bo-luc-lac\\\/\",\"url\":\"https:\\\/\\\/ancomnha.io.vn\\\/index.php\\\/product\\\/bo-luc-lac\\\/\",\"name\":\"B\u00f2 l\u00fac l\u1eafc - \u0102n C\u01a1m Nh\u00e1\",\"isPartOf\":{\"@id\":\"https:\\\/\\\/ancomnha.io.vn\\\/#website\"},\"primaryImageOfPage\":{\"@id\":\"https:\\\/\\\/ancomnha.io.vn\\\/index.php\\\/product\\\/bo-luc-lac\\\/#primaryimage\"},\"image\":{\"@id\":\"https:\\\/\\\/ancomnha.io.vn\\\/index.php\\\/product\\\/bo-luc-lac\\\/#primaryimage\"},\"thumbnailUrl\":\"https:\\\/\\\/ancomnha.io.vn\\\/wp-content\\\/uploads\\\/2026\\\/02\\\/z7463191390469_dc03ea82af34879efbd93099bf933a29.jpg\",\"datePublished\":\"2026-02-03T14:34:03+00:00\",\"description\":\"B\u00f2 l\u00fac l\u1eafc l\u00e0 m\u00f3n \u0103n h\u1ea5p d\u1eabn v\u1edbi th\u1ecbt b\u00f2 c\u1eaft mi\u1ebfng vu\u00f4ng, \u0111\u01b0\u1ee3c x\u00e0o nhanh tr\u00ean l\u1eeda l\u1edbn n\u00ean m\u1ec1m v\u00e0 m\u1ecdng n\u01b0\u1edbc. Th\u1ecbt b\u00f2 th\u1ea5m \u0111\u1ec1u gia v\u1ecb, b\u00ean ngo\u00e0i x\u00e9m nh\u1eb9, b\u00ean trong v\u1eabn gi\u1eef \u0111\u01b0\u1ee3c v\u1ecb ng\u1ecdt t\u1ef1 nhi\u00ean. M\u00f3n \u0103n th\u01b0\u1eddng \u0103n k\u00e8m h\u00e0nh t\u00e2y, \u1edbt chu\u00f4ng v\u00e0 n\u01b0\u1edbc s\u1ed1t \u0111\u1eadm \u0111\u00e0, r\u1ea5t b\u1eaft c\u01a1m v\u00e0 d\u1ec5 g\u00e2y \u201cnghi\u1ec7n\u201d.\",\"breadcrumb\":{\"@id\":\"https:\\\/\\\/ancomnha.io.vn\\\/index.php\\\/product\\\/bo-luc-lac\\\/#breadcrumb\"},\"inLanguage\":\"vi\",\"potentialAction\":[{\"@type\":\"ReadAction\",\"target\":[\"https:\\\/\\\/ancomnha.io.vn\\\/index.php\\\/product\\\/bo-luc-lac\\\/\"]}]},{\"@type\":\"ImageObject\",\"inLanguage\":\"vi\",\"@id\":\"https:\\\/\\\/ancomnha.io.vn\\\/index.php\\\/product\\\/bo-luc-lac\\\/#primaryimage\",\"url\":\"https:\\\/\\\/ancomnha.io.vn\\\/wp-content\\\/uploads\\\/2026\\\/02\\\/z7463191390469_dc03ea82af34879efbd93099bf933a29.jpg\",\"contentUrl\":\"https:\\\/\\\/ancomnha.io.vn\\\/wp-content\\\/uploads\\\/2026\\\/02\\\/z7463191390469_dc03ea82af34879efbd93099bf933a29.jpg\",\"width\":194,\"height\":128},{\"@type\":\"BreadcrumbList\",\"@id\":\"https:\\\/\\\/ancomnha.io.vn\\\/index.php\\\/product\\\/bo-luc-lac\\\/#breadcrumb\",\"itemListElement\":[{\"@type\":\"ListItem\",\"position\":1,\"name\":\"Home\",\"item\":\"https:\\\/\\\/ancomnha.io.vn\\\/\"},{\"@type\":\"ListItem\",\"position\":2,\"name\":\"Shop\",\"item\":\"https:\\\/\\\/ancomnha.io.vn\\\/index.php\\\/shop\\\/\"},{\"@type\":\"ListItem\",\"position\":3,\"name\":\"B\u00f2 l\u00fac l\u1eafc\"}]},{\"@type\":\"WebSite\",\"@id\":\"https:\\\/\\\/ancomnha.io.vn\\\/#website\",\"url\":\"https:\\\/\\\/ancomnha.io.vn\\\/\",\"name\":\"\u0102n C\u01a1m Nh\u00e1\",\"description\":\"\",\"publisher\":{\"@id\":\"https:\\\/\\\/ancomnha.io.vn\\\/#organization\"},\"potentialAction\":[{\"@type\":\"SearchAction\",\"target\":{\"@type\":\"EntryPoint\",\"urlTemplate\":\"https:\\\/\\\/ancomnha.io.vn\\\/?s={search_term_string}\"},\"query-input\":{\"@type\":\"PropertyValueSpecification\",\"valueRequired\":true,\"valueName\":\"search_term_string\"}}],\"inLanguage\":\"vi\"},{\"@type\":\"Organization\",\"@id\":\"https:\\\/\\\/ancomnha.io.vn\\\/#organization\",\"name\":\"\u0102n C\u01a1m Nh\u00e1\",\"url\":\"https:\\\/\\\/ancomnha.io.vn\\\/\",\"logo\":{\"@type\":\"ImageObject\",\"inLanguage\":\"vi\",\"@id\":\"https:\\\/\\\/ancomnha.io.vn\\\/#\\\/schema\\\/logo\\\/image\\\/\",\"url\":\"https:\\\/\\\/ancomnha.io.vn\\\/wp-content\\\/uploads\\\/2026\\\/01\\\/cropped-logo-ancomnha-1.jpg\",\"contentUrl\":\"https:\\\/\\\/ancomnha.io.vn\\\/wp-content\\\/uploads\\\/2026\\\/01\\\/cropped-logo-ancomnha-1.jpg\",\"width\":200,\"height\":200,\"caption\":\"\u0102n C\u01a1m Nh\u00e1\"},\"image\":{\"@id\":\"https:\\\/\\\/ancomnha.io.vn\\\/#\\\/schema\\\/logo\\\/image\\\/\"}}]}<\/script>\n<!-- \/ Yoast SEO plugin. -->","yoast_head_json":{"title":"B\u00f2 l\u00fac l\u1eafc - \u0102n C\u01a1m Nh\u00e1","description":"B\u00f2 l\u00fac l\u1eafc l\u00e0 m\u00f3n \u0103n h\u1ea5p d\u1eabn v\u1edbi th\u1ecbt b\u00f2 c\u1eaft mi\u1ebfng vu\u00f4ng, \u0111\u01b0\u1ee3c x\u00e0o nhanh tr\u00ean l\u1eeda l\u1edbn n\u00ean m\u1ec1m v\u00e0 m\u1ecdng n\u01b0\u1edbc. Th\u1ecbt b\u00f2 th\u1ea5m \u0111\u1ec1u gia v\u1ecb, b\u00ean ngo\u00e0i x\u00e9m nh\u1eb9, b\u00ean trong v\u1eabn gi\u1eef \u0111\u01b0\u1ee3c v\u1ecb ng\u1ecdt t\u1ef1 nhi\u00ean. M\u00f3n \u0103n th\u01b0\u1eddng \u0103n k\u00e8m h\u00e0nh t\u00e2y, \u1edbt chu\u00f4ng v\u00e0 n\u01b0\u1edbc s\u1ed1t \u0111\u1eadm \u0111\u00e0, r\u1ea5t b\u1eaft c\u01a1m v\u00e0 d\u1ec5 g\u00e2y \u201cnghi\u1ec7n\u201d.","robots":{"index":"index","follow":"follow","max-snippet":"max-snippet:-1","max-image-preview":"max-image-preview:large","max-video-preview":"max-video-preview:-1"},"canonical":"https:\/\/ancomnha.io.vn\/index.php\/product\/bo-luc-lac\/","og_locale":"vi_VN","og_type":"article","og_title":"B\u00f2 l\u00fac l\u1eafc - \u0102n C\u01a1m Nh\u00e1","og_description":"B\u00f2 l\u00fac l\u1eafc l\u00e0 m\u00f3n \u0103n h\u1ea5p d\u1eabn v\u1edbi th\u1ecbt b\u00f2 c\u1eaft mi\u1ebfng vu\u00f4ng, \u0111\u01b0\u1ee3c x\u00e0o nhanh tr\u00ean l\u1eeda l\u1edbn n\u00ean m\u1ec1m v\u00e0 m\u1ecdng n\u01b0\u1edbc. Th\u1ecbt b\u00f2 th\u1ea5m \u0111\u1ec1u gia v\u1ecb, b\u00ean ngo\u00e0i x\u00e9m nh\u1eb9, b\u00ean trong v\u1eabn gi\u1eef \u0111\u01b0\u1ee3c v\u1ecb ng\u1ecdt t\u1ef1 nhi\u00ean. M\u00f3n \u0103n th\u01b0\u1eddng \u0103n k\u00e8m h\u00e0nh t\u00e2y, \u1edbt chu\u00f4ng v\u00e0 n\u01b0\u1edbc s\u1ed1t \u0111\u1eadm \u0111\u00e0, r\u1ea5t b\u1eaft c\u01a1m v\u00e0 d\u1ec5 g\u00e2y \u201cnghi\u1ec7n\u201d.","og_url":"https:\/\/ancomnha.io.vn\/index.php\/product\/bo-luc-lac\/","og_site_name":"\u0102n C\u01a1m Nh\u00e1","og_image":[{"width":194,"height":128,"url":"https:\/\/ancomnha.io.vn\/wp-content\/uploads\/2026\/02\/z7463191390469_dc03ea82af34879efbd93099bf933a29.jpg","type":"image\/jpeg"}],"twitter_card":"summary_large_image","twitter_misc":{"\u01af\u1edbc t\u00ednh th\u1eddi gian \u0111\u1ecdc":"1 ph\u00fat"},"schema":{"@context":"https:\/\/schema.org","@graph":[{"@type":"WebPage","@id":"https:\/\/ancomnha.io.vn\/index.php\/product\/bo-luc-lac\/","url":"https:\/\/ancomnha.io.vn\/index.php\/product\/bo-luc-lac\/","name":"B\u00f2 l\u00fac l\u1eafc - \u0102n C\u01a1m Nh\u00e1","isPartOf":{"@id":"https:\/\/ancomnha.io.vn\/#website"},"primaryImageOfPage":{"@id":"https:\/\/ancomnha.io.vn\/index.php\/product\/bo-luc-lac\/#primaryimage"},"image":{"@id":"https:\/\/ancomnha.io.vn\/index.php\/product\/bo-luc-lac\/#primaryimage"},"thumbnailUrl":"https:\/\/ancomnha.io.vn\/wp-content\/uploads\/2026\/02\/z7463191390469_dc03ea82af34879efbd93099bf933a29.jpg","datePublished":"2026-02-03T14:34:03+00:00","description":"B\u00f2 l\u00fac l\u1eafc l\u00e0 m\u00f3n \u0103n h\u1ea5p d\u1eabn v\u1edbi th\u1ecbt b\u00f2 c\u1eaft mi\u1ebfng vu\u00f4ng, \u0111\u01b0\u1ee3c x\u00e0o nhanh tr\u00ean l\u1eeda l\u1edbn n\u00ean m\u1ec1m v\u00e0 m\u1ecdng n\u01b0\u1edbc. Th\u1ecbt b\u00f2 th\u1ea5m \u0111\u1ec1u gia v\u1ecb, b\u00ean ngo\u00e0i x\u00e9m nh\u1eb9, b\u00ean trong v\u1eabn gi\u1eef \u0111\u01b0\u1ee3c v\u1ecb ng\u1ecdt t\u1ef1 nhi\u00ean. M\u00f3n \u0103n th\u01b0\u1eddng \u0103n k\u00e8m h\u00e0nh t\u00e2y, \u1edbt chu\u00f4ng v\u00e0 n\u01b0\u1edbc s\u1ed1t \u0111\u1eadm \u0111\u00e0, r\u1ea5t b\u1eaft c\u01a1m v\u00e0 d\u1ec5 g\u00e2y \u201cnghi\u1ec7n\u201d.","breadcrumb":{"@id":"https:\/\/ancomnha.io.vn\/index.php\/product\/bo-luc-lac\/#breadcrumb"},"inLanguage":"vi","potentialAction":[{"@type":"ReadAction","target":["https:\/\/ancomnha.io.vn\/index.php\/product\/bo-luc-lac\/"]}]},{"@type":"ImageObject","inLanguage":"vi","@id":"https:\/\/ancomnha.io.vn\/index.php\/product\/bo-luc-lac\/#primaryimage","url":"https:\/\/ancomnha.io.vn\/wp-content\/uploads\/2026\/02\/z7463191390469_dc03ea82af34879efbd93099bf933a29.jpg","contentUrl":"https:\/\/ancomnha.io.vn\/wp-content\/uploads\/2026\/02\/z7463191390469_dc03ea82af34879efbd93099bf933a29.jpg","width":194,"height":128},{"@type":"BreadcrumbList","@id":"https:\/\/ancomnha.io.vn\/index.php\/product\/bo-luc-lac\/#breadcrumb","itemListElement":[{"@type":"ListItem","position":1,"name":"Home","item":"https:\/\/ancomnha.io.vn\/"},{"@type":"ListItem","position":2,"name":"Shop","item":"https:\/\/ancomnha.io.vn\/index.php\/shop\/"},{"@type":"ListItem","position":3,"name":"B\u00f2 l\u00fac l\u1eafc"}]},{"@type":"WebSite","@id":"https:\/\/ancomnha.io.vn\/#website","url":"https:\/\/ancomnha.io.vn\/","name":"\u0102n C\u01a1m Nh\u00e1","description":"","publisher":{"@id":"https:\/\/ancomnha.io.vn\/#organization"},"potentialAction":[{"@type":"SearchAction","target":{"@type":"EntryPoint","urlTemplate":"https:\/\/ancomnha.io.vn\/?s={search_term_string}"},"query-input":{"@type":"PropertyValueSpecification","valueRequired":true,"valueName":"search_term_string"}}],"inLanguage":"vi"},{"@type":"Organization","@id":"https:\/\/ancomnha.io.vn\/#organization","name":"\u0102n C\u01a1m Nh\u00e1","url":"https:\/\/ancomnha.io.vn\/","logo":{"@type":"ImageObject","inLanguage":"vi","@id":"https:\/\/ancomnha.io.vn\/#\/schema\/logo\/image\/","url":"https:\/\/ancomnha.io.vn\/wp-content\/uploads\/2026\/01\/cropped-logo-ancomnha-1.jpg","contentUrl":"https:\/\/ancomnha.io.vn\/wp-content\/uploads\/2026\/01\/cropped-logo-ancomnha-1.jpg","width":200,"height":200,"caption":"\u0102n C\u01a1m Nh\u00e1"},"image":{"@id":"https:\/\/ancomnha.io.vn\/#\/schema\/logo\/image\/"}}]}},"jetpack_sharing_enabled":true,"_links":{"self":[{"href":"https:\/\/ancomnha.io.vn\/index.php\/wp-json\/wp\/v2\/product\/154","targetHints":{"allow":["GET"]}}],"collection":[{"href":"https:\/\/ancomnha.io.vn\/index.php\/wp-json\/wp\/v2\/product"}],"about":[{"href":"https:\/\/ancomnha.io.vn\/index.php\/wp-json\/wp\/v2\/types\/product"}],"replies":[{"embeddable":true,"href":"https:\/\/ancomnha.io.vn\/index.php\/wp-json\/wp\/v2\/comments?post=154"}],"wp:featuredmedia":[{"embeddable":true,"href":"https:\/\/ancomnha.io.vn\/index.php\/wp-json\/wp\/v2\/media\/155"}],"wp:attachment":[{"href":"https:\/\/ancomnha.io.vn\/index.php\/wp-json\/wp\/v2\/media?parent=154"}],"wp:term":[{"taxonomy":"product_brand","embeddable":true,"href":"https:\/\/ancomnha.io.vn\/index.php\/wp-json\/wp\/v2\/product_brand?post=154"},{"taxonomy":"product_cat","embeddable":true,"href":"https:\/\/ancomnha.io.vn\/index.php\/wp-json\/wp\/v2\/product_cat?post=154"},{"taxonomy":"product_tag","embeddable":true,"href":"https:\/\/ancomnha.io.vn\/index.php\/wp-json\/wp\/v2\/product_tag?post=154"}],"curies":[{"name":"wp","href":"https:\/\/api.w.org\/{rel}","templated":true}]}}